Last updated on 2025-05-01 15:49:48 CEST.
Flavor | Version | Tinstall | Tcheck | Ttotal | Status | Flags |
---|---|---|---|---|---|---|
r-devel-linux-x86_64-debian-clang | 0.1.3 | 3.43 | 32.44 | 35.87 | NOTE | |
r-devel-linux-x86_64-debian-gcc | 0.1.3 | 2.19 | 25.19 | 27.38 | NOTE | |
r-devel-linux-x86_64-fedora-clang | 0.1.3 | 54.19 | OK | |||
r-devel-linux-x86_64-fedora-gcc | 0.1.3 | 50.46 | OK | |||
r-devel-windows-x86_64 | 0.1.3 | 5.00 | 55.00 | 60.00 | OK | |
r-patched-linux-x86_64 | 0.1.3 | 3.36 | 29.91 | 33.27 | OK | |
r-release-linux-x86_64 | OK | |||||
r-release-macos-arm64 | 0.1.3 | 27.00 | OK | |||
r-release-macos-x86_64 | 0.1.3 | 42.00 | OK | |||
r-release-windows-x86_64 | 0.1.3 | 4.00 | 58.00 | 62.00 | OK | |
r-oldrel-macos-arm64 | 0.1.3 | 29.00 | OK | |||
r-oldrel-macos-x86_64 | 0.1.3 | 36.00 | OK | |||
r-oldrel-windows-x86_64 | 0.1.3 | 5.00 | 54.00 | 59.00 | OK |
Version: 0.1.3
Check: CRAN incoming feasibility
Result: NOTE
Maintainer: ‘Jodi Beggs <jodi@alum.mit.edu>’
Package CITATION file contains call(s) to old-style personList() or
as.personList(). Please use c() on person objects instead.
Package CITATION file contains call(s) to old-style citEntry(). Please
use bibentry() instead.
Flavors: r-devel-linux-x86_64-debian-clang, r-devel-linux-x86_64-debian-gcc
These binaries (installable software) and packages are in development.
They may not be fully stable and should be used with caution. We make no claims about them.