Last updated on 2025-10-23 21:51:48 CEST.
Flavor | Version | Tinstall | Tcheck | Ttotal | Status | Flags |
---|---|---|---|---|---|---|
r-devel-linux-x86_64-debian-clang | 0.1.3 | 3.22 | 34.01 | 37.23 | NOTE | |
r-devel-linux-x86_64-debian-gcc | 0.1.3 | 2.51 | 25.66 | 28.17 | NOTE | |
r-devel-linux-x86_64-fedora-clang | 0.1.3 | 18.00 | 39.90 | 57.90 | OK | |
r-devel-linux-x86_64-fedora-gcc | 0.1.3 | 51.04 | OK | |||
r-devel-windows-x86_64 | 0.1.3 | 5.00 | 48.00 | 53.00 | OK | |
r-patched-linux-x86_64 | 0.1.3 | 3.08 | 30.76 | 33.84 | OK | |
r-release-linux-x86_64 | 0.1.3 | 3.22 | 31.28 | 34.50 | OK | |
r-release-macos-arm64 | 0.1.3 | 2.00 | 25.00 | 27.00 | OK | |
r-release-macos-x86_64 | 0.1.3 | 4.00 | 38.00 | 42.00 | OK | |
r-release-windows-x86_64 | 0.1.3 | 4.00 | 57.00 | 61.00 | OK | |
r-oldrel-macos-arm64 | 0.1.3 | 2.00 | 27.00 | 29.00 | OK | |
r-oldrel-macos-x86_64 | 0.1.3 | 2.00 | 34.00 | 36.00 | OK | |
r-oldrel-windows-x86_64 | 0.1.3 | 6.00 | 58.00 | 64.00 | OK |
Version: 0.1.3
Check: CRAN incoming feasibility
Result: NOTE
Maintainer: ‘Jodi Beggs <jodi@alum.mit.edu>’
Package CITATION file contains call(s) to old-style personList() or
as.personList(). Please use c() on person objects instead.
Package CITATION file contains call(s) to old-style citEntry(). Please
use bibentry() instead.
Flavors: r-devel-linux-x86_64-debian-clang, r-devel-linux-x86_64-debian-gcc
These binaries (installable software) and packages are in development.
They may not be fully stable and should be used with caution. We make no claims about them.