Last updated on 2025-07-17 21:51:04 CEST.
Flavor | Version | Tinstall | Tcheck | Ttotal | Status | Flags |
---|---|---|---|---|---|---|
r-devel-linux-x86_64-debian-clang | 0.1.3 | 3.32 | 32.47 | 35.79 | NOTE | |
r-devel-linux-x86_64-debian-gcc | 0.1.3 | 2.72 | 24.98 | 27.70 | NOTE | |
r-devel-linux-x86_64-fedora-clang | 0.1.3 | 54.29 | OK | |||
r-devel-linux-x86_64-fedora-gcc | 0.1.3 | 50.58 | OK | |||
r-devel-windows-x86_64 | 0.1.3 | 4.00 | 50.00 | 54.00 | OK | |
r-patched-linux-x86_64 | 0.1.3 | 2.96 | 29.79 | 32.75 | OK | |
r-release-linux-x86_64 | 0.1.3 | 3.10 | 29.79 | 32.89 | OK | |
r-release-macos-arm64 | 0.1.3 | 27.00 | OK | |||
r-release-macos-x86_64 | 0.1.3 | 42.00 | OK | |||
r-release-windows-x86_64 | 0.1.3 | 4.00 | 50.00 | 54.00 | OK | |
r-oldrel-macos-arm64 | 0.1.3 | 29.00 | OK | |||
r-oldrel-macos-x86_64 | 0.1.3 | 36.00 | OK | |||
r-oldrel-windows-x86_64 | 0.1.3 | 5.00 | 59.00 | 64.00 | OK |
Version: 0.1.3
Check: CRAN incoming feasibility
Result: NOTE
Maintainer: ‘Jodi Beggs <jodi@alum.mit.edu>’
Package CITATION file contains call(s) to old-style personList() or
as.personList(). Please use c() on person objects instead.
Package CITATION file contains call(s) to old-style citEntry(). Please
use bibentry() instead.
Flavors: r-devel-linux-x86_64-debian-clang, r-devel-linux-x86_64-debian-gcc
These binaries (installable software) and packages are in development.
They may not be fully stable and should be used with caution. We make no claims about them.