Last updated on 2024-07-27 15:50:37 CEST.
Flavor | Version | Tinstall | Tcheck | Ttotal | Status | Flags |
---|---|---|---|---|---|---|
r-devel-linux-x86_64-debian-clang | 1.2.0 | 3.51 | 27.98 | 31.49 | OK | |
r-devel-linux-x86_64-debian-gcc | 1.2.0 | NOTE | ||||
r-devel-linux-x86_64-fedora-clang | 1.2.0 | 39.20 | OK | |||
r-devel-linux-x86_64-fedora-gcc | 1.2.0 | 37.57 | OK | |||
r-devel-windows-x86_64 | 1.2.0 | 6.00 | 45.00 | 51.00 | NOTE | |
r-patched-linux-x86_64 | 1.2.0 | OK | ||||
r-release-linux-x86_64 | 1.2.0 | 3.22 | 27.65 | 30.87 | OK | |
r-release-macos-arm64 | 1.2.0 | 18.00 | OK | |||
r-release-macos-x86_64 | 1.2.0 | 25.00 | OK | |||
r-release-windows-x86_64 | 1.2.0 | 10.00 | 44.00 | 54.00 | OK | |
r-oldrel-macos-arm64 | 1.2.0 | 39.00 | OK | |||
r-oldrel-macos-x86_64 | 1.2.0 | 83.00 | OK | |||
r-oldrel-windows-x86_64 | 1.2.0 | 6.00 | 47.00 | 53.00 | OK |
Version: 1.2.0
Check: Rd cross-references
Result: NOTE
Found the following Rd file(s) with Rd \link{} targets missing package
anchors:
parse_http.Rd: fromJSON
Please provide package anchors for all Rd \link{} targets not in the
package itself and the base packages.
Flavors: r-devel-linux-x86_64-debian-gcc, r-devel-windows-x86_64
These binaries (installable software) and packages are in development.
They may not be fully stable and should be used with caution. We make no claims about them.