Last updated on 2025-02-23 07:52:14 CET.
Flavor | Version | Tinstall | Tcheck | Ttotal | Status | Flags |
---|---|---|---|---|---|---|
r-devel-linux-x86_64-debian-clang | 1.1.2 | 1.88 | 25.03 | 26.91 | OK | |
r-devel-linux-x86_64-debian-gcc | 1.1.2 | 1.62 | 19.34 | 20.96 | OK | |
r-devel-linux-x86_64-fedora-clang | 1.1.2 | 42.67 | NOTE | |||
r-devel-linux-x86_64-fedora-gcc | 1.1.2 | 40.30 | NOTE | |||
r-devel-macos-arm64 | 1.1.2 | 26.00 | OK | |||
r-devel-macos-x86_64 | 1.1.2 | 37.00 | OK | |||
r-devel-windows-x86_64 | 1.1.2 | 5.00 | 50.00 | 55.00 | OK | |
r-patched-linux-x86_64 | 1.1.2 | 1.75 | 23.84 | 25.59 | OK | |
r-release-linux-x86_64 | 1.1.2 | 2.06 | 23.49 | 25.55 | OK | |
r-release-macos-arm64 | 1.1.2 | 24.00 | OK | |||
r-release-macos-x86_64 | 1.1.2 | 31.00 | OK | |||
r-release-windows-x86_64 | 1.1.2 | 5.00 | 50.00 | 55.00 | OK | |
r-oldrel-macos-arm64 | 1.1.2 | 28.00 | OK | |||
r-oldrel-macos-x86_64 | 1.1.2 | 39.00 | OK | |||
r-oldrel-windows-x86_64 | 1.1.2 | 5.00 | 55.00 | 60.00 | OK |
Version: 1.1.2
Check: dependencies in R code
Result: NOTE
Namespaces in Imports field not imported from:
‘here’ ‘tibble’
All declared Imports should be used.
Flavors: r-devel-linux-x86_64-fedora-clang, r-devel-linux-x86_64-fedora-gcc
These binaries (installable software) and packages are in development.
They may not be fully stable and should be used with caution. We make no claims about them.