CRAN Package Check Results for Package weed

Last updated on 2025-07-02 03:50:56 CEST.

Flavor Version Tinstall Tcheck Ttotal Status Flags
r-devel-linux-x86_64-debian-clang 1.1.2 1.87 27.20 29.07 OK
r-devel-linux-x86_64-debian-gcc 1.1.2 1.36 22.67 24.03 OK
r-devel-linux-x86_64-fedora-clang 1.1.2 43.89 NOTE
r-devel-linux-x86_64-fedora-gcc 1.1.2 40.89 NOTE
r-devel-windows-x86_64 1.1.2 4.00 49.00 53.00 OK
r-patched-linux-x86_64 OK
r-release-linux-x86_64 1.1.2 2.06 24.60 26.66 OK
r-release-macos-arm64 1.1.2 120.00 OK
r-release-macos-x86_64 1.1.2 37.00 OK
r-release-windows-x86_64 1.1.2 5.00 55.00 60.00 OK
r-oldrel-macos-arm64 1.1.2 24.00 OK
r-oldrel-macos-x86_64 1.1.2 31.00 OK
r-oldrel-windows-x86_64 1.1.2 5.00 59.00 64.00 OK

Check Details

Version: 1.1.2
Check: dependencies in R code
Result: NOTE Namespaces in Imports field not imported from: ‘here’ ‘tibble’ All declared Imports should be used. Flavors: r-devel-linux-x86_64-fedora-clang, r-devel-linux-x86_64-fedora-gcc

These binaries (installable software) and packages are in development.
They may not be fully stable and should be used with caution. We make no claims about them.