Last updated on 2025-11-13 01:50:38 CET.
| Flavor | Version | Tinstall | Tcheck | Ttotal | Status | Flags |
|---|---|---|---|---|---|---|
| r-devel-linux-x86_64-debian-clang | 1.24.1 | 18.63 | 33.74 | 52.37 | OK | |
| r-devel-linux-x86_64-debian-gcc | 1.24.1 | 17.34 | 26.10 | 43.44 | OK | |
| r-devel-linux-x86_64-fedora-clang | 1.24.1 | 32.00 | 43.27 | 75.27 | NOTE | |
| r-devel-linux-x86_64-fedora-gcc | 1.24.1 | 36.00 | 37.36 | 73.36 | NOTE | |
| r-devel-windows-x86_64 | 1.24.1 | 19.00 | 61.00 | 80.00 | OK | |
| r-patched-linux-x86_64 | 1.24.1 | 19.24 | 31.73 | 50.97 | OK | |
| r-release-linux-x86_64 | 1.24.1 | 16.74 | 32.02 | 48.76 | OK | |
| r-release-macos-arm64 | 1.24.1 | 14.00 | 20.00 | 34.00 | OK | |
| r-release-macos-x86_64 | 1.24.1 | 21.00 | 33.00 | 54.00 | OK | |
| r-release-windows-x86_64 | 1.24.1 | 19.00 | 61.00 | 80.00 | OK | |
| r-oldrel-macos-arm64 | 1.24.1 | 15.00 | 21.00 | 36.00 | OK | |
| r-oldrel-macos-x86_64 | 1.24.1 | 18.00 | 28.00 | 46.00 | OK | |
| r-oldrel-windows-x86_64 | 1.24.1 | 19.00 | 61.00 | 80.00 | OK |
Version: 1.24.1
Check: dependencies in R code
Result: NOTE
Namespace in Imports field not imported from: ‘methods’
All declared Imports should be used.
Flavors: r-devel-linux-x86_64-fedora-clang, r-devel-linux-x86_64-fedora-gcc
These binaries (installable software) and packages are in development.
They may not be fully stable and should be used with caution. We make no claims about them.