Last updated on 2025-02-16 08:51:05 CET.
Flavor | Version | Tinstall | Tcheck | Ttotal | Status | Flags |
---|---|---|---|---|---|---|
r-devel-linux-x86_64-debian-clang | 0.5 | 7.23 | 47.70 | 54.93 | OK | |
r-devel-linux-x86_64-debian-gcc | 0.5 | 5.06 | 34.67 | 39.73 | OK | |
r-devel-linux-x86_64-fedora-clang | 0.5 | 88.95 | NOTE | |||
r-devel-linux-x86_64-fedora-gcc | 0.5 | 84.46 | NOTE | |||
r-devel-macos-arm64 | 0.5 | 34.00 | OK | |||
r-devel-macos-x86_64 | 0.5 | 56.00 | OK | |||
r-devel-windows-x86_64 | 0.5 | 12.00 | 67.00 | 79.00 | OK | |
r-patched-linux-x86_64 | 0.5 | 5.17 | 44.65 | 49.82 | OK | |
r-release-linux-x86_64 | 0.5 | 6.13 | 44.72 | 50.85 | OK | |
r-release-macos-arm64 | 0.5 | 31.00 | OK | |||
r-release-macos-x86_64 | 0.5 | 47.00 | OK | |||
r-release-windows-x86_64 | 0.5 | 11.00 | 68.00 | 79.00 | OK | |
r-oldrel-macos-arm64 | 0.5 | 32.00 | OK | |||
r-oldrel-macos-x86_64 | 0.5 | 42.00 | OK | |||
r-oldrel-windows-x86_64 | 0.5 | 14.00 | 81.00 | 95.00 | OK |
Version: 0.5
Check: compiled code
Result: NOTE
File ‘weightedCL/libs/weightedCL.so’:
Found no calls to: ‘R_registerRoutines’, ‘R_useDynamicSymbols’
It is good practice to register native routines and to disable symbol
search.
See ‘Writing portable packages’ in the ‘Writing R Extensions’ manual.
Flavors: r-devel-linux-x86_64-fedora-clang, r-devel-linux-x86_64-fedora-gcc
These binaries (installable software) and packages are in development.
They may not be fully stable and should be used with caution. We make no claims about them.