Last updated on 2025-07-19 17:50:27 CEST.
Flavor | Version | Tinstall | Tcheck | Ttotal | Status | Flags |
---|---|---|---|---|---|---|
r-devel-linux-x86_64-debian-clang | 0.7 | 7.39 | 53.66 | 61.05 | OK | |
r-devel-linux-x86_64-debian-gcc | 0.7 | 5.66 | 38.61 | 44.27 | OK | |
r-devel-linux-x86_64-fedora-clang | 0.7 | 94.28 | NOTE | |||
r-devel-linux-x86_64-fedora-gcc | 0.7 | 89.20 | NOTE | |||
r-devel-windows-x86_64 | 0.7 | 12.00 | 71.00 | 83.00 | OK | |
r-patched-linux-x86_64 | 0.7 | 7.70 | 50.04 | 57.74 | OK | |
r-release-linux-x86_64 | 0.7 | 7.03 | 49.60 | 56.63 | OK | |
r-release-macos-arm64 | 0.7 | 31.00 | OK | |||
r-release-macos-x86_64 | 0.7 | 56.00 | OK | |||
r-release-windows-x86_64 | 0.7 | 12.00 | 70.00 | 82.00 | OK | |
r-oldrel-macos-arm64 | 0.7 | 38.00 | OK | |||
r-oldrel-macos-x86_64 | 0.7 | 55.00 | OK | |||
r-oldrel-windows-x86_64 | 0.7 | 14.00 | 86.00 | 100.00 | OK |
Version: 0.7
Check: compiled code
Result: NOTE
File ‘weightedCL/libs/weightedCL.so’:
Found no calls to: ‘R_registerRoutines’, ‘R_useDynamicSymbols’
It is good practice to register native routines and to disable symbol
search.
See ‘Writing portable packages’ in the ‘Writing R Extensions’ manual.
Flavors: r-devel-linux-x86_64-fedora-clang, r-devel-linux-x86_64-fedora-gcc
These binaries (installable software) and packages are in development.
They may not be fully stable and should be used with caution. We make no claims about them.