Last updated on 2025-11-13 21:50:12 CET.
| Flavor | Version | Tinstall | Tcheck | Ttotal | Status | Flags |
|---|---|---|---|---|---|---|
| r-devel-linux-x86_64-debian-clang | 0.1.0 | 6.35 | 63.78 | 70.13 | NOTE | |
| r-devel-linux-x86_64-debian-gcc | 0.1.0 | 5.29 | 47.67 | 52.96 | NOTE | |
| r-devel-linux-x86_64-fedora-clang | 0.1.0 | 16.00 | 90.26 | 106.26 | OK | |
| r-devel-linux-x86_64-fedora-gcc | 0.1.0 | 15.00 | 84.47 | 99.47 | OK | |
| r-devel-windows-x86_64 | 0.1.0 | 9.00 | 69.00 | 78.00 | OK | |
| r-patched-linux-x86_64 | 0.1.0 | 6.73 | 58.89 | 65.62 | OK | |
| r-release-linux-x86_64 | 0.1.0 | 6.84 | 59.76 | 66.60 | OK | |
| r-release-macos-arm64 | 0.1.0 | 3.00 | 30.00 | 33.00 | OK | |
| r-release-macos-x86_64 | 0.1.0 | 7.00 | 55.00 | 62.00 | OK | |
| r-release-windows-x86_64 | 0.1.0 | 8.00 | 68.00 | 76.00 | OK | |
| r-oldrel-macos-arm64 | 0.1.0 | 3.00 | 28.00 | 31.00 | OK | |
| r-oldrel-macos-x86_64 | 0.1.0 | 5.00 | 43.00 | 48.00 | OK | |
| r-oldrel-windows-x86_64 | 0.1.0 | 10.00 | 85.00 | 95.00 | OK |
Version: 0.1.0
Check: CRAN incoming feasibility
Result: NOTE
Maintainer: ‘Cyrill Scheidegger <cyrill.scheidegger@stat.math.ethz.ch>’
The Description field contains
Measure" <arXiv:2111.04361>. The test is a generalisation of the
Testing and the Generalised Covariance Measure" <arXiv:1804.07203>.
Please refer to arXiv e-prints via their arXiv DOI <doi:10.48550/arXiv.YYMM.NNNNN>.
Flavors: r-devel-linux-x86_64-debian-clang, r-devel-linux-x86_64-debian-gcc
These binaries (installable software) and packages are in development.
They may not be fully stable and should be used with caution. We make no claims about them.