Last updated on 2025-10-23 21:51:48 CEST.
Flavor | Version | Tinstall | Tcheck | Ttotal | Status | Flags |
---|---|---|---|---|---|---|
r-devel-linux-x86_64-debian-clang | 0.1.0 | 6.63 | 64.42 | 71.05 | NOTE | |
r-devel-linux-x86_64-debian-gcc | 0.1.0 | 5.12 | 47.86 | 52.98 | NOTE | |
r-devel-linux-x86_64-fedora-clang | 0.1.0 | 32.00 | 77.66 | 109.66 | OK | |
r-devel-linux-x86_64-fedora-gcc | 0.1.0 | 14.00 | 84.56 | 98.56 | OK | |
r-devel-windows-x86_64 | 0.1.0 | 8.00 | 70.00 | 78.00 | OK | |
r-patched-linux-x86_64 | 0.1.0 | 6.23 | 59.83 | 66.06 | OK | |
r-release-linux-x86_64 | 0.1.0 | 6.56 | 59.78 | 66.34 | OK | |
r-release-macos-arm64 | 0.1.0 | 3.00 | 30.00 | 33.00 | OK | |
r-release-macos-x86_64 | 0.1.0 | 7.00 | 55.00 | 62.00 | OK | |
r-release-windows-x86_64 | 0.1.0 | 8.00 | 73.00 | 81.00 | OK | |
r-oldrel-macos-arm64 | 0.1.0 | 3.00 | 28.00 | 31.00 | OK | |
r-oldrel-macos-x86_64 | 0.1.0 | 5.00 | 43.00 | 48.00 | OK | |
r-oldrel-windows-x86_64 | 0.1.0 | 10.00 | 86.00 | 96.00 | OK |
Version: 0.1.0
Check: CRAN incoming feasibility
Result: NOTE
Maintainer: ‘Cyrill Scheidegger <cyrill.scheidegger@stat.math.ethz.ch>’
The Description field contains
Measure" <arXiv:2111.04361>. The test is a generalisation of the
Testing and the Generalised Covariance Measure" <arXiv:1804.07203>.
Please refer to arXiv e-prints via their arXiv DOI <doi:10.48550/arXiv.YYMM.NNNNN>.
Flavors: r-devel-linux-x86_64-debian-clang, r-devel-linux-x86_64-debian-gcc
These binaries (installable software) and packages are in development.
They may not be fully stable and should be used with caution. We make no claims about them.