CRAN Package Check Results for Package weird

Last updated on 2025-05-01 12:49:45 CEST.

Flavor Version Tinstall Tcheck Ttotal Status Flags
r-devel-linux-x86_64-debian-clang 1.0.2 12.86 102.59 115.45 NOTE
r-devel-linux-x86_64-debian-gcc 1.0.2 10.02 77.78 87.80 OK
r-devel-linux-x86_64-fedora-clang 1.0.2 197.34 OK
r-devel-linux-x86_64-fedora-gcc 1.0.2 171.09 OK
r-devel-windows-x86_64 1.0.2 13.00 110.00 123.00 OK
r-patched-linux-x86_64 1.0.2 13.58 98.27 111.85 OK
r-release-linux-x86_64 OK
r-release-macos-arm64 1.0.2 75.00 OK
r-release-macos-x86_64 1.0.2 118.00 OK
r-release-windows-x86_64 1.0.2 14.00 110.00 124.00 OK
r-oldrel-macos-arm64 1.0.2 81.00 OK
r-oldrel-macos-x86_64 1.0.2 110.00 OK
r-oldrel-windows-x86_64 1.0.2 14.00 126.00 140.00 OK

Check Details

Version: 1.0.2
Check: examples
Result: NOTE Examples with CPU (user + system) or elapsed time > 5s user system elapsed hdrplot 4.33 0.29 6.6 Flavor: r-devel-linux-x86_64-debian-clang

These binaries (installable software) and packages are in development.
They may not be fully stable and should be used with caution. We make no claims about them.