Last updated on 2025-11-11 17:50:17 CET.
| Flavor | Version | Tinstall | Tcheck | Ttotal | Status | Flags |
|---|---|---|---|---|---|---|
| r-devel-linux-x86_64-debian-clang | 0.25 | 3.12 | 31.35 | 34.47 | NOTE | |
| r-devel-linux-x86_64-debian-gcc | 0.25 | 2.25 | 23.65 | 25.90 | NOTE | |
| r-devel-linux-x86_64-fedora-clang | 0.25 | 50.73 | OK | |||
| r-devel-linux-x86_64-fedora-gcc | 0.25 | 48.63 | OK | |||
| r-devel-windows-x86_64 | 0.25 | 4.00 | 46.00 | 50.00 | OK | |
| r-patched-linux-x86_64 | 0.25 | 3.35 | 29.22 | 32.57 | OK | |
| r-release-linux-x86_64 | 0.25 | 2.78 | 29.63 | 32.41 | OK | |
| r-release-macos-arm64 | 0.25 | 1.00 | 17.00 | 18.00 | OK | |
| r-release-macos-x86_64 | 0.25 | 3.00 | 35.00 | 38.00 | OK | |
| r-release-windows-x86_64 | 0.25 | 4.00 | 47.00 | 51.00 | OK | |
| r-oldrel-macos-arm64 | 0.25 | 1.00 | 16.00 | 17.00 | OK | |
| r-oldrel-macos-x86_64 | 0.25 | 3.00 | 27.00 | 30.00 | OK | |
| r-oldrel-windows-x86_64 | 0.25 | 4.00 | 48.00 | 52.00 | OK |
Version: 0.25
Check: CRAN incoming feasibility
Result: NOTE
Maintainer: ‘William Asquith <william.asquith@ttu.edu>’
No Authors@R field in DESCRIPTION.
Please add one, modifying
Authors@R: person(given = "William",
family = "Asquith",
role = c("aut", "cre"),
email = "william.asquith@ttu.edu")
as necessary.
Package CITATION file contains call(s) to old-style personList() or
as.personList(). Please use c() on person objects instead.
Package CITATION file contains call(s) to old-style citEntry(). Please
use bibentry() instead.
Flavors: r-devel-linux-x86_64-debian-clang, r-devel-linux-x86_64-debian-gcc
These binaries (installable software) and packages are in development.
They may not be fully stable and should be used with caution. We make no claims about them.