Last updated on 2025-10-25 21:49:58 CEST.
| Flavor | Version | Tinstall | Tcheck | Ttotal | Status | Flags |
|---|---|---|---|---|---|---|
| r-devel-linux-x86_64-debian-clang | 0.3.2 | 9.92 | 130.10 | 140.02 | NOTE | |
| r-devel-linux-x86_64-debian-gcc | 0.3.2 | 6.72 | 85.70 | 92.42 | NOTE | |
| r-devel-linux-x86_64-fedora-clang | 0.3.2 | 69.00 | 160.42 | 229.42 | OK | |
| r-devel-linux-x86_64-fedora-gcc | 0.3.2 | 20.00 | 199.74 | 219.74 | OK | |
| r-devel-windows-x86_64 | 0.3.2 | 11.00 | 130.00 | 141.00 | OK | |
| r-patched-linux-x86_64 | 0.3.2 | 8.69 | 124.72 | 133.41 | OK | |
| r-release-linux-x86_64 | 0.3.2 | 9.62 | 125.40 | 135.02 | OK | |
| r-release-macos-arm64 | 0.3.2 | 5.00 | 60.00 | 65.00 | OK | |
| r-release-macos-x86_64 | 0.3.2 | 9.00 | 129.00 | 138.00 | OK | |
| r-release-windows-x86_64 | 0.3.2 | 11.00 | 133.00 | 144.00 | OK | |
| r-oldrel-macos-arm64 | 0.3.2 | 4.00 | 56.00 | 60.00 | OK | |
| r-oldrel-macos-x86_64 | 0.3.2 | 6.00 | 92.00 | 98.00 | OK | |
| r-oldrel-windows-x86_64 | 0.3.2 | 14.00 | 173.00 | 187.00 | OK |
Version: 0.3.2
Check: CRAN incoming feasibility
Result: NOTE
Maintainer: ‘Pablo J. Villacorta <pjvi@decsai.ugr.es>’
No Authors@R field in DESCRIPTION.
Please add one, modifying
Authors@R: person(given = c("Pablo", "J."),
family = "Villacorta",
role = c("aut", "cre"),
email = "pjvi@decsai.ugr.es")
as necessary.
Flavors: r-devel-linux-x86_64-debian-clang, r-devel-linux-x86_64-debian-gcc
These binaries (installable software) and packages are in development.
They may not be fully stable and should be used with caution. We make no claims about them.