Last updated on 2025-05-01 14:49:26 CEST.
Flavor | Version | Tinstall | Tcheck | Ttotal | Status | Flags |
---|---|---|---|---|---|---|
r-devel-linux-x86_64-debian-clang | 0.1.4 | 7.44 | 65.18 | 72.62 | NOTE | |
r-devel-linux-x86_64-debian-gcc | 0.1.4 | 4.79 | 45.21 | 50.00 | OK | |
r-devel-linux-x86_64-fedora-clang | 0.1.4 | 106.89 | OK | |||
r-devel-linux-x86_64-fedora-gcc | 0.1.4 | 97.72 | OK | |||
r-devel-windows-x86_64 | 0.1.4 | 10.00 | 88.00 | 98.00 | OK | |
r-patched-linux-x86_64 | 0.1.4 | 7.16 | 60.59 | 67.75 | OK | |
r-release-linux-x86_64 | OK | |||||
r-release-macos-arm64 | 0.1.4 | 38.00 | OK | |||
r-release-macos-x86_64 | 0.1.4 | 67.00 | OK | |||
r-release-windows-x86_64 | 0.1.4 | 9.00 | 88.00 | 97.00 | OK | |
r-oldrel-macos-arm64 | 0.1.4 | 43.00 | OK | |||
r-oldrel-macos-x86_64 | 0.1.4 | 62.00 | OK | |||
r-oldrel-windows-x86_64 | 0.1.4 | 12.00 | 96.00 | 108.00 | OK |
Version: 0.1.4
Check: examples
Result: NOTE
Examples with CPU (user + system) or elapsed time > 5s
user system elapsed
welo_plot 3.943 0.053 5.204
Flavor: r-devel-linux-x86_64-debian-clang
These binaries (installable software) and packages are in development.
They may not be fully stable and should be used with caution. We make no claims about them.