Last updated on 2025-10-25 11:48:54 CEST.
| Flavor | Version | Tinstall | Tcheck | Ttotal | Status | Flags |
|---|---|---|---|---|---|---|
| r-devel-linux-x86_64-debian-clang | 0.6.2 | 6.09 | 65.62 | 71.71 | NOTE | |
| r-devel-linux-x86_64-debian-gcc | 0.6.2 | 4.24 | 48.89 | 53.13 | NOTE | |
| r-devel-linux-x86_64-fedora-clang | 0.6.2 | 53.00 | 62.05 | 115.05 | OK | |
| r-devel-linux-x86_64-fedora-gcc | 0.6.2 | 13.00 | 90.56 | 103.56 | OK | |
| r-devel-windows-x86_64 | 0.6.2 | 8.00 | 83.00 | 91.00 | OK | |
| r-patched-linux-x86_64 | 0.6.2 | 6.57 | 61.54 | 68.11 | OK | |
| r-release-linux-x86_64 | 0.6.2 | 6.02 | 62.33 | 68.35 | OK | |
| r-release-macos-arm64 | 0.6.2 | 3.00 | 30.00 | 33.00 | OK | |
| r-release-macos-x86_64 | 0.6.2 | 5.00 | 51.00 | 56.00 | OK | |
| r-release-windows-x86_64 | 0.6.2 | 9.00 | 82.00 | 91.00 | OK | |
| r-oldrel-macos-arm64 | 0.6.2 | 3.00 | 28.00 | 31.00 | OK | |
| r-oldrel-macos-x86_64 | 0.6.2 | 5.00 | 42.00 | 47.00 | OK | |
| r-oldrel-windows-x86_64 | 0.6.2 | 11.00 | 99.00 | 110.00 | OK |
Version: 0.6.2
Check: CRAN incoming feasibility
Result: NOTE
Maintainer: ‘Marco Colombo <mar.colombo13@gmail.com>’
Package CITATION file contains call(s) to old-style citEntry(). Please
use bibentry() instead.
Flavors: r-devel-linux-x86_64-debian-clang, r-devel-linux-x86_64-debian-gcc
These binaries (installable software) and packages are in development.
They may not be fully stable and should be used with caution. We make no claims about them.