Last updated on 2025-11-11 15:50:52 CET.
| Flavor | Version | Tinstall | Tcheck | Ttotal | Status | Flags |
|---|---|---|---|---|---|---|
| r-devel-linux-x86_64-debian-clang | 1.9.1 | 15.01 | 74.91 | 89.92 | OK | |
| r-devel-linux-x86_64-debian-gcc | 1.9.1 | 10.24 | 54.94 | 65.18 | OK | |
| r-devel-linux-x86_64-fedora-clang | 1.9.1 | 29.00 | 108.50 | 137.50 | OK | |
| r-devel-linux-x86_64-fedora-gcc | 1.9.1 | 34.00 | 97.88 | 131.88 | OK | |
| r-devel-windows-x86_64 | 1.9.1 | 20.00 | 80.00 | 100.00 | OK | |
| r-patched-linux-x86_64 | 1.9.1 | 13.41 | 71.48 | 84.89 | OK | |
| r-release-linux-x86_64 | 1.9.1 | 13.51 | 71.16 | 84.67 | OK | |
| r-release-macos-arm64 | 1.9.1 | 8.00 | 36.00 | 44.00 | OK | |
| r-release-macos-x86_64 | 1.9.1 | 20.00 | 64.00 | 84.00 | OK | |
| r-release-windows-x86_64 | 1.9.1 | 18.00 | 81.00 | 99.00 | OK | |
| r-oldrel-macos-arm64 | 1.9.1 | 7.00 | 33.00 | 40.00 | NOTE | |
| r-oldrel-macos-x86_64 | 1.9.1 | 11.00 | 46.00 | 57.00 | NOTE | |
| r-oldrel-windows-x86_64 | 1.9.1 | 22.00 | 101.00 | 123.00 | NOTE |
Version: 1.9.1
Check: LazyData
Result: NOTE
'LazyData' is specified without a 'data' directory
Flavors: r-oldrel-macos-arm64, r-oldrel-macos-x86_64, r-oldrel-windows-x86_64
These binaries (installable software) and packages are in development.
They may not be fully stable and should be used with caution. We make no claims about them.