CRAN Package Check Results for Package wfg

Last updated on 2025-05-08 04:52:22 CEST.

Flavor Version Tinstall Tcheck Ttotal Status Flags
r-devel-linux-x86_64-debian-clang 0.1 2.67 26.17 28.84 NOTE
r-devel-linux-x86_64-debian-gcc 0.1 1.94 20.93 22.87 NOTE
r-devel-linux-x86_64-fedora-clang 0.1 45.90 OK
r-devel-linux-x86_64-fedora-gcc 0.1 43.33 OK
r-devel-windows-x86_64 0.1 4.00 45.00 49.00 OK
r-patched-linux-x86_64 0.1 2.52 25.66 28.18 OK
r-release-linux-x86_64 0.1 2.55 25.62 28.17 OK
r-release-macos-arm64 0.1 20.00 OK
r-release-macos-x86_64 0.1 31.00 OK
r-release-windows-x86_64 0.1 5.00 46.00 51.00 OK
r-oldrel-macos-arm64 0.1 19.00 OK
r-oldrel-macos-x86_64 0.1 26.00 OK
r-oldrel-windows-x86_64 0.1 5.00 51.00 56.00 OK

Check Details

Version: 0.1
Check: CRAN incoming feasibility
Result: NOTE Maintainer: ‘Han Yu <hyu9@buffalo.edu>’ No Authors@R field in DESCRIPTION. Please add one, modifying Authors@R: c(person(given = "Han", family = "Yu", role = c("aut", "cre"), email = "hyu9@buffalo.edu"), person(given = c("Rachael", "Hageman"), family = "Blair", role = "aut")) as necessary. Flavors: r-devel-linux-x86_64-debian-clang, r-devel-linux-x86_64-debian-gcc

These binaries (installable software) and packages are in development.
They may not be fully stable and should be used with caution. We make no claims about them.