Last updated on 2025-10-24 05:51:03 CEST.
| Flavor | Version | Tinstall | Tcheck | Ttotal | Status | Flags |
|---|---|---|---|---|---|---|
| r-devel-linux-x86_64-debian-clang | 0.1.3 | 1.67 | 25.70 | 27.37 | NOTE | |
| r-devel-linux-x86_64-debian-gcc | 0.1.3 | 1.06 | 21.57 | 22.63 | NOTE | |
| r-devel-linux-x86_64-fedora-clang | 0.1.3 | 42.36 | NOTE | |||
| r-devel-linux-x86_64-fedora-gcc | 0.1.3 | 52.06 | NOTE | |||
| r-devel-windows-x86_64 | 0.1.3 | 4.00 | 44.00 | 48.00 | NOTE | |
| r-patched-linux-x86_64 | 0.1.3 | 1.74 | 23.26 | 25.00 | NOTE | |
| r-release-linux-x86_64 | 0.1.3 | 1.66 | 23.48 | 25.14 | NOTE | |
| r-release-macos-arm64 | 0.1.3 | 1.00 | 24.00 | 25.00 | NOTE | |
| r-release-macos-x86_64 | 0.1.3 | 2.00 | 41.00 | 43.00 | NOTE | |
| r-release-windows-x86_64 | 0.1.3 | 4.00 | 45.00 | 49.00 | NOTE | |
| r-oldrel-macos-arm64 | 0.1.3 | 1.00 | 25.00 | 26.00 | OK | |
| r-oldrel-macos-x86_64 | 0.1.3 | 2.00 | 34.00 | 36.00 | OK | |
| r-oldrel-windows-x86_64 | 0.1.3 | 5.00 | 51.00 | 56.00 | OK |
Version: 0.1.3
Check: DESCRIPTION meta-information
Result: NOTE
Missing dependency on R >= 4.1.0 because package code uses the pipe
|> or function shorthand \(...) syntax added in R 4.1.0.
File(s) using such syntax:
‘coords_from_words.R’ ‘get_available_languages.R’
‘words_from_coords.R’
Flavors: r-devel-linux-x86_64-debian-clang, r-devel-linux-x86_64-debian-gcc, r-devel-linux-x86_64-fedora-clang, r-devel-linux-x86_64-fedora-gcc, r-devel-windows-x86_64, r-patched-linux-x86_64, r-release-linux-x86_64, r-release-macos-arm64, r-release-macos-x86_64, r-release-windows-x86_64
These binaries (installable software) and packages are in development.
They may not be fully stable and should be used with caution. We make no claims about them.