CRAN Package Check Results for Package whisker

Last updated on 2025-05-29 19:51:50 CEST.

Flavor Version Tinstall Tcheck Ttotal Status Flags
r-devel-linux-x86_64-debian-clang 0.4.1 1.94 18.26 20.20 NOTE
r-devel-linux-x86_64-debian-gcc 0.4.1 1.51 14.89 16.40 NOTE
r-devel-linux-x86_64-fedora-clang 0.4.1 32.74 OK
r-devel-linux-x86_64-fedora-gcc 0.4.1 30.15 OK
r-devel-windows-x86_64 0.4.1 6.00 39.00 45.00 OK
r-patched-linux-x86_64 0.4.1 1.59 17.38 18.97 OK
r-release-linux-x86_64 0.4.1 1.47 17.41 18.88 OK
r-release-macos-arm64 0.4.1 15.00 OK
r-release-macos-x86_64 0.4.1 24.00 OK
r-release-windows-x86_64 0.4.1 4.00 60.00 64.00 OK
r-oldrel-macos-arm64 0.4.1 19.00 OK
r-oldrel-macos-x86_64 0.4.1 21.00 OK
r-oldrel-windows-x86_64 0.4.1 4.00 45.00 49.00 OK

Check Details

Version: 0.4.1
Check: CRAN incoming feasibility
Result: NOTE Maintainer: ‘Edwin de Jonge <edwindjonge@gmail.com>’ No Authors@R field in DESCRIPTION. Please add one, modifying Authors@R: person(given = "Edwin", family = "de Jonge", role = c("aut", "cre"), email = "edwindjonge@gmail.com") as necessary. Flavors: r-devel-linux-x86_64-debian-clang, r-devel-linux-x86_64-debian-gcc

These binaries (installable software) and packages are in development.
They may not be fully stable and should be used with caution. We make no claims about them.