CRAN Package Check Results for Package whitestrap

Last updated on 2025-07-24 03:50:16 CEST.

Flavor Version Tinstall Tcheck Ttotal Status Flags
r-devel-linux-x86_64-debian-clang 0.0.1 1.46 29.61 31.07 NOTE
r-devel-linux-x86_64-debian-gcc 0.0.1 1.34 23.00 24.34 NOTE
r-devel-linux-x86_64-fedora-clang 0.0.1 47.26 OK
r-devel-linux-x86_64-fedora-gcc 0.0.1 45.47 OK
r-devel-windows-x86_64 0.0.1 2.00 49.00 51.00 OK
r-patched-linux-x86_64 0.0.1 1.49 27.27 28.76 OK
r-release-linux-x86_64 0.0.1 1.53 27.17 28.70 OK
r-release-macos-arm64 0.0.1 19.00 OK
r-release-macos-x86_64 0.0.1 32.00 OK
r-release-windows-x86_64 0.0.1 3.00 53.00 56.00 OK
r-oldrel-macos-arm64 0.0.1 19.00 NOTE
r-oldrel-macos-x86_64 0.0.1 27.00 NOTE
r-oldrel-windows-x86_64 0.0.1 3.00 55.00 58.00 NOTE

Check Details

Version: 0.0.1
Check: CRAN incoming feasibility
Result: NOTE Maintainer: ‘Jorge Lopez Perez <jorge@loperez.com>’ Package CITATION file contains call(s) to old-style citEntry(). Please use bibentry() instead. Flavors: r-devel-linux-x86_64-debian-clang, r-devel-linux-x86_64-debian-gcc

Version: 0.0.1
Check: LazyData
Result: NOTE 'LazyData' is specified without a 'data' directory Flavors: r-oldrel-macos-arm64, r-oldrel-macos-x86_64, r-oldrel-windows-x86_64

These binaries (installable software) and packages are in development.
They may not be fully stable and should be used with caution. We make no claims about them.