CRAN Package Check Results for Package whitestrap

Last updated on 2025-02-16 08:51:05 CET.

Flavor Version Tinstall Tcheck Ttotal Status Flags
r-devel-linux-x86_64-debian-clang 0.0.1 1.58 27.55 29.13 OK
r-devel-linux-x86_64-debian-gcc 0.0.1 1.33 21.26 22.59 OK
r-devel-linux-x86_64-fedora-clang 0.0.1 47.50 OK
r-devel-linux-x86_64-fedora-gcc 0.0.1 48.66 OK
r-devel-macos-arm64 0.0.1 19.00 OK
r-devel-macos-x86_64 0.0.1 32.00 OK
r-devel-windows-x86_64 0.0.1 3.00 57.00 60.00 OK
r-patched-linux-x86_64 0.0.1 1.63 26.26 27.89 NOTE
r-release-linux-x86_64 0.0.1 1.53 26.67 28.20 NOTE
r-release-macos-arm64 0.0.1 19.00 NOTE
r-release-macos-x86_64 0.0.1 27.00 NOTE
r-release-windows-x86_64 0.0.1 3.00 55.00 58.00 NOTE
r-oldrel-macos-arm64 0.0.1 19.00 NOTE
r-oldrel-macos-x86_64 0.0.1 28.00 NOTE
r-oldrel-windows-x86_64 0.0.1 2.00 51.00 53.00 NOTE

Check Details

Version: 0.0.1
Check: LazyData
Result: NOTE 'LazyData' is specified without a 'data' directory Flavors: r-patched-linux-x86_64, r-release-linux-x86_64, r-release-macos-arm64, r-release-macos-x86_64, r-release-windows-x86_64, r-oldrel-macos-arm64, r-oldrel-macos-x86_64, r-oldrel-windows-x86_64

These binaries (installable software) and packages are in development.
They may not be fully stable and should be used with caution. We make no claims about them.