Last updated on 2025-02-16 08:51:05 CET.
Flavor | Version | Tinstall | Tcheck | Ttotal | Status | Flags |
---|---|---|---|---|---|---|
r-devel-linux-x86_64-debian-clang | 0.3.1 | 2.37 | 29.36 | 31.73 | OK | |
r-devel-linux-x86_64-debian-gcc | 0.3.1 | 2.06 | 23.28 | 25.34 | OK | |
r-devel-linux-x86_64-fedora-clang | 0.3.1 | 53.02 | OK | |||
r-devel-linux-x86_64-fedora-gcc | 0.3.1 | 67.75 | OK | |||
r-devel-macos-arm64 | 0.3.1 | 29.00 | OK | |||
r-devel-macos-x86_64 | 0.3.1 | 63.00 | OK | |||
r-devel-windows-x86_64 | 0.3.1 | 5.00 | 50.00 | 55.00 | OK | |
r-patched-linux-x86_64 | 0.3.1 | 2.73 | 28.20 | 30.93 | NOTE | |
r-release-linux-x86_64 | 0.3.1 | 2.23 | 28.03 | 30.26 | NOTE | |
r-release-macos-arm64 | 0.3.1 | 26.00 | NOTE | |||
r-release-macos-x86_64 | 0.3.1 | 39.00 | NOTE | |||
r-release-windows-x86_64 | 0.3.1 | 4.00 | 52.00 | 56.00 | NOTE | |
r-oldrel-macos-arm64 | 0.3.1 | 28.00 | NOTE | |||
r-oldrel-macos-x86_64 | 0.3.1 | 38.00 | NOTE | |||
r-oldrel-windows-x86_64 | 0.3.1 | 5.00 | 77.00 | 82.00 | NOTE |
Version: 0.3.1
Check: LazyData
Result: NOTE
'LazyData' is specified without a 'data' directory
Flavors: r-patched-linux-x86_64, r-release-linux-x86_64, r-release-macos-arm64, r-release-macos-x86_64, r-release-windows-x86_64, r-oldrel-macos-arm64, r-oldrel-macos-x86_64, r-oldrel-windows-x86_64
These binaries (installable software) and packages are in development.
They may not be fully stable and should be used with caution. We make no claims about them.