CRAN Package Check Results for Package wikibooks

Last updated on 2025-11-11 15:50:52 CET.

Flavor Version Tinstall Tcheck Ttotal Status Flags
r-devel-linux-x86_64-debian-clang 0.2.1 2.08 22.11 24.19 NOTE
r-devel-linux-x86_64-debian-gcc 0.2.1 1.70 17.87 19.57 NOTE
r-devel-linux-x86_64-fedora-clang 0.2.1 35.67 OK
r-devel-linux-x86_64-fedora-gcc 0.2.1 33.94 OK
r-devel-windows-x86_64 0.2.1 4.00 38.00 42.00 OK
r-patched-linux-x86_64 0.2.1 2.24 20.96 23.20 OK
r-release-linux-x86_64 0.2.1 2.03 21.07 23.10 OK
r-release-macos-arm64 0.2.1 1.00 15.00 16.00 OK
r-release-macos-x86_64 0.2.1 2.00 22.00 24.00 OK
r-release-windows-x86_64 0.2.1 3.00 39.00 42.00 OK
r-oldrel-macos-arm64 0.2.1 1.00 14.00 15.00 OK
r-oldrel-macos-x86_64 0.2.1 3.00 19.00 22.00 OK
r-oldrel-windows-x86_64 0.2.1 3.00 39.00 42.00 OK

Check Details

Version: 0.2.1
Check: CRAN incoming feasibility
Result: NOTE Maintainer: ‘Joerg grosse Schlarmann (aka Produnis) <schlarmann@produnis.de>’ No Authors@R field in DESCRIPTION. Please add one, modifying Authors@R: person(given = c("Joerg", "grosse"), family = "Schlarmann", role = c("aut", "cre"), email = "schlarmann@produnis.de", comment = "aka Produnis") as necessary. Flavors: r-devel-linux-x86_64-debian-clang, r-devel-linux-x86_64-debian-gcc

These binaries (installable software) and packages are in development.
They may not be fully stable and should be used with caution. We make no claims about them.