Last updated on 2025-02-16 08:51:05 CET.
Flavor | Version | Tinstall | Tcheck | Ttotal | Status | Flags |
---|---|---|---|---|---|---|
r-devel-linux-x86_64-debian-clang | 0.7.0 | 6.63 | 60.83 | 67.46 | NOTE | |
r-devel-linux-x86_64-debian-gcc | 0.7.0 | 4.30 | 46.23 | 50.53 | NOTE | |
r-devel-linux-x86_64-fedora-clang | 0.7.0 | 107.70 | NOTE | |||
r-devel-linux-x86_64-fedora-gcc | 0.7.0 | 123.81 | NOTE | |||
r-devel-macos-arm64 | 0.7.0 | 40.00 | NOTE | |||
r-devel-macos-x86_64 | 0.7.0 | 81.00 | NOTE | |||
r-devel-windows-x86_64 | 0.7.0 | 8.00 | 78.00 | 86.00 | NOTE | |
r-patched-linux-x86_64 | 0.7.0 | 6.36 | 56.91 | 63.27 | NOTE | |
r-release-linux-x86_64 | 0.7.0 | 6.12 | 57.70 | 63.82 | NOTE | |
r-release-macos-arm64 | 0.7.0 | 39.00 | NOTE | |||
r-release-macos-x86_64 | 0.7.0 | 63.00 | NOTE | |||
r-release-windows-x86_64 | 0.7.0 | 9.00 | 79.00 | 88.00 | NOTE | |
r-oldrel-macos-arm64 | 0.7.0 | 51.00 | OK | |||
r-oldrel-macos-x86_64 | 0.7.0 | 62.00 | OK | |||
r-oldrel-windows-x86_64 | 0.7.0 | 9.00 | 121.00 | 130.00 | OK |
Version: 0.7.0
Check: Rd files
Result: NOTE
checkRd: (-1) milakes.Rd:10: Lost braces in \itemize; meant \describe ?
checkRd: (-1) milakes.Rd:11: Lost braces in \itemize; meant \describe ?
checkRd: (-1) milakes.Rd:12: Lost braces in \itemize; meant \describe ?
checkRd: (-1) milakes.Rd:13: Lost braces in \itemize; meant \describe ?
checkRd: (-1) milakes.Rd:14: Lost braces in \itemize; meant \describe ?
checkRd: (-1) milakes.Rd:15: Lost braces in \itemize; meant \describe ?
checkRd: (-1) milakes.Rd:16: Lost braces in \itemize; meant \describe ?
checkRd: (-1) milakes.Rd:17: Lost braces in \itemize; meant \describe ?
checkRd: (-1) milakes.Rd:18: Lost braces in \itemize; meant \describe ?
checkRd: (-1) milakes.Rd:19: Lost braces in \itemize; meant \describe ?
checkRd: (-1) milakes.Rd:20: Lost braces in \itemize; meant \describe ?
checkRd: (-1) milakes.Rd:21: Lost braces in \itemize; meant \describe ?
checkRd: (-1) milakes.Rd:22: Lost braces in \itemize; meant \describe ?
Flavors: r-devel-linux-x86_64-debian-clang, r-devel-linux-x86_64-debian-gcc, r-devel-linux-x86_64-fedora-clang, r-devel-linux-x86_64-fedora-gcc, r-devel-macos-arm64, r-devel-macos-x86_64, r-devel-windows-x86_64, r-patched-linux-x86_64, r-release-linux-x86_64, r-release-macos-arm64, r-release-macos-x86_64, r-release-windows-x86_64
These binaries (installable software) and packages are in development.
They may not be fully stable and should be used with caution. We make no claims about them.