Last updated on 2024-07-27 15:50:37 CEST.
Flavor | Version | Tinstall | Tcheck | Ttotal | Status | Flags |
---|---|---|---|---|---|---|
r-devel-linux-x86_64-debian-clang | 2.4.2 | 11.63 | 109.81 | 121.44 | OK | |
r-devel-linux-x86_64-debian-gcc | 2.4.2 | OK | ||||
r-devel-linux-x86_64-fedora-clang | 2.4.2 | 159.12 | NOTE | |||
r-devel-linux-x86_64-fedora-gcc | 2.4.2 | 156.71 | OK | |||
r-devel-windows-x86_64 | 2.4.2 | 13.00 | 99.00 | 112.00 | OK | |
r-patched-linux-x86_64 | 2.4.2 | OK | ||||
r-release-linux-x86_64 | 2.4.2 | 9.93 | 106.13 | 116.06 | OK | |
r-release-macos-arm64 | 2.4.2 | 47.00 | OK | |||
r-release-macos-x86_64 | 2.4.2 | 71.00 | OK | |||
r-release-windows-x86_64 | 2.4.2 | 11.00 | 99.00 | 110.00 | OK | |
r-oldrel-macos-arm64 | 2.4.2 | 50.00 | OK | |||
r-oldrel-macos-x86_64 | 2.4.2 | 78.00 | OK | |||
r-oldrel-windows-x86_64 | 2.4.2 | 16.00 | 120.00 | 136.00 | OK |
Version: 2.4.2
Check: package dependencies
Result: NOTE
Imports includes 31 non-default packages.
Importing from so many packages makes the package vulnerable to any of
them becoming unavailable. Move as many as possible to Suggests and
use conditionally.
Flavor: r-devel-linux-x86_64-fedora-clang
These binaries (installable software) and packages are in development.
They may not be fully stable and should be used with caution. We make no claims about them.