CRAN Package Check Results for Package winch

Last updated on 2025-07-26 01:51:09 CEST.

Flavor Version Tinstall Tcheck Ttotal Status Flags
r-devel-linux-x86_64-debian-clang 0.1.2 16.77 38.18 54.95 OK
r-devel-linux-x86_64-debian-gcc 0.1.2 12.39 31.01 43.40 OK
r-devel-linux-x86_64-fedora-clang 0.1.2 82.08 OK
r-devel-linux-x86_64-fedora-gcc 0.1.2 93.78 OK
r-devel-windows-x86_64 0.1.2 151.00 61.00 212.00 OK
r-patched-linux-x86_64 0.1.2 12.49 36.28 48.77 OK
r-release-linux-x86_64 0.1.2 12.56 36.29 48.85 OK
r-release-macos-arm64 0.1.2 68.00 OK
r-release-macos-x86_64 0.1.2 98.00 OK
r-release-windows-x86_64 0.1.2 144.00 61.00 205.00 OK
r-oldrel-macos-arm64 0.1.2 41.00 OK
r-oldrel-macos-x86_64 0.1.2 102.00 OK
r-oldrel-windows-x86_64 0.1.2 158.00 71.00 229.00 WARN

Check Details

Version: 0.1.2
Check: whether package can be installed
Result: WARN Found the following significant warnings: stop.c:10:6: warning: function declaration isn't a prototype [-Wstrict-prototypes] See 'd:/Rcompile/CRANpkg/local/4.4/winch.Rcheck/00install.out' for details. * used C compiler: 'gcc.exe (GCC) 13.3.0' Flavor: r-oldrel-windows-x86_64

These binaries (installable software) and packages are in development.
They may not be fully stable and should be used with caution. We make no claims about them.