Last updated on 2025-05-21 21:49:35 CEST.
Flavor | Version | Tinstall | Tcheck | Ttotal | Status | Flags |
---|---|---|---|---|---|---|
r-devel-linux-x86_64-debian-clang | 1.0.1 | 307.50 | 179.46 | 486.96 | OK | |
r-devel-linux-x86_64-debian-gcc | 1.0.1 | 300.01 | 149.86 | 449.87 | OK | |
r-devel-linux-x86_64-fedora-clang | 1.0.1 | 773.60 | OK | |||
r-devel-linux-x86_64-fedora-gcc | 1.0.1 | 1057.22 | OK | |||
r-devel-windows-x86_64 | 1.0.1 | 362.00 | 213.00 | 575.00 | OK | |
r-patched-linux-x86_64 | 1.0.1 | 369.96 | 201.26 | 571.22 | OK | |
r-release-linux-x86_64 | 1.0.1 | 363.22 | 199.46 | 562.68 | OK | |
r-release-macos-arm64 | 1.0.1 | 182.00 | OK | |||
r-release-macos-x86_64 | 1.0.1 | 296.00 | OK | |||
r-release-windows-x86_64 | 1.0.1 | 362.00 | 216.00 | 578.00 | OK | |
r-oldrel-macos-arm64 | 1.0.1 | 106.00 | NOTE | |||
r-oldrel-macos-x86_64 | 1.0.1 | 133.00 | NOTE | |||
r-oldrel-windows-x86_64 | 1.0.1 | 407.00 | 258.00 | 665.00 | OK |
Version: 1.0.1
Check: installed package size
Result: NOTE
installed size is 57.6Mb
sub-directories of 1Mb or more:
libs 57.2Mb
Flavors: r-oldrel-macos-arm64, r-oldrel-macos-x86_64
Version: 1.0.1
Check: for GNU extensions in Makefiles
Result: NOTE
GNU make is a SystemRequirements.
Flavors: r-oldrel-macos-arm64, r-oldrel-macos-x86_64
These binaries (installable software) and packages are in development.
They may not be fully stable and should be used with caution. We make no claims about them.