CRAN Package Check Results for Package wiqid

Last updated on 2025-02-16 08:51:05 CET.

Flavor Version Tinstall Tcheck Ttotal Status Flags
r-devel-linux-x86_64-debian-clang 0.3.3 9.93 84.77 94.70 NOTE
r-devel-linux-x86_64-debian-gcc 0.3.3 5.16 55.91 61.07 NOTE
r-devel-linux-x86_64-fedora-clang 0.3.3 153.11 OK
r-devel-linux-x86_64-fedora-gcc 0.3.3 154.06 OK
r-devel-macos-arm64 0.3.3 42.00 OK
r-devel-macos-x86_64 0.3.3 102.00 OK
r-devel-windows-x86_64 0.3.3 10.00 110.00 120.00 NOTE
r-patched-linux-x86_64 0.3.3 13.06 79.94 93.00 OK
r-release-linux-x86_64 0.3.3 8.51 80.08 88.59 OK
r-release-macos-arm64 0.3.3 40.00 OK
r-release-macos-x86_64 0.3.3 73.00 OK
r-release-windows-x86_64 0.3.3 11.00 104.00 115.00 OK
r-oldrel-macos-arm64 0.3.3 43.00 OK
r-oldrel-macos-x86_64 0.3.3 71.00 OK
r-oldrel-windows-x86_64 0.3.3 14.00 138.00 152.00 OK

Check Details

Version: 0.3.3
Check: Rd cross-references
Result: NOTE Found the following Rd file(s) with Rd \link{} targets missing package anchors: plotComb.Rd: hdi plot_Bwiqid.Rd: postPlot Please provide package anchors for all Rd \link{} targets not in the package itself and the base packages. Flavors: r-devel-linux-x86_64-debian-clang, r-devel-linux-x86_64-debian-gcc, r-devel-windows-x86_64

These binaries (installable software) and packages are in development.
They may not be fully stable and should be used with caution. We make no claims about them.