CRAN Package Check Results for Package wishmom

Last updated on 2025-05-08 04:52:22 CEST.

Flavor Version Tinstall Tcheck Ttotal Status Flags
r-devel-linux-x86_64-debian-clang 1.1.0 2.97 26.92 29.89 OK
r-devel-linux-x86_64-debian-gcc 1.1.0 1.91 21.15 23.06 OK
r-devel-linux-x86_64-fedora-clang 1.1.0 48.22 NOTE
r-devel-linux-x86_64-fedora-gcc 1.1.0 59.29 NOTE
r-devel-windows-x86_64 1.1.0 5.00 51.00 56.00 OK
r-patched-linux-x86_64 1.1.0 3.06 26.43 29.49 OK
r-release-linux-x86_64 1.1.0 2.92 26.44 29.36 OK
r-release-macos-arm64 1.1.0 47.00 OK
r-release-macos-x86_64 1.1.0 61.00 OK
r-release-windows-x86_64 1.1.0 6.00 49.00 55.00 OK
r-oldrel-macos-arm64 1.1.0 26.00 OK
r-oldrel-macos-x86_64 1.1.0 52.00 OK
r-oldrel-windows-x86_64 1.1.0 6.00 56.00 62.00 OK

Check Details

Version: 1.1.0
Check: dependencies in R code
Result: NOTE Namespace in Imports field not imported from: ‘roxygen2’ All declared Imports should be used. Flavors: r-devel-linux-x86_64-fedora-clang, r-devel-linux-x86_64-fedora-gcc

These binaries (installable software) and packages are in development.
They may not be fully stable and should be used with caution. We make no claims about them.