Last updated on 2025-10-24 11:51:03 CEST.
| Flavor | Version | Tinstall | Tcheck | Ttotal | Status | Flags |
|---|---|---|---|---|---|---|
| r-devel-linux-x86_64-debian-clang | 1.5 | 8.58 | 40.91 | 49.49 | NOTE | |
| r-devel-linux-x86_64-debian-gcc | 1.5 | 6.13 | 41.53 | 47.66 | NOTE | |
| r-devel-linux-x86_64-fedora-clang | 1.5 | 36.00 | 41.90 | 77.90 | OK | |
| r-devel-linux-x86_64-fedora-gcc | 1.5 | 20.00 | 99.09 | 119.09 | OK | |
| r-devel-windows-x86_64 | 1.5 | 11.00 | 138.00 | 149.00 | OK | |
| r-patched-linux-x86_64 | 1.5 | 7.55 | 56.41 | 63.96 | OK | |
| r-release-linux-x86_64 | 1.5 | 6.50 | 57.31 | 63.81 | OK | |
| r-release-macos-arm64 | 1.5 | 7.00 | 49.00 | 56.00 | OK | |
| r-release-macos-x86_64 | 1.5 | 11.00 | 96.00 | 107.00 | OK | |
| r-release-windows-x86_64 | 1.5 | 12.00 | 139.00 | 151.00 | OK | |
| r-oldrel-macos-arm64 | 1.5 | 5.00 | 48.00 | 53.00 | OK | |
| r-oldrel-macos-x86_64 | 1.5 | 15.00 | 142.00 | 157.00 | OK | |
| r-oldrel-windows-x86_64 | 1.5 | 13.00 | 158.00 | 171.00 | OK |
Version: 1.5
Check: CRAN incoming feasibility
Result: NOTE
Maintainer: ‘Jeffrey B. Lewis <jblewis@ucla.edu>’
No Authors@R field in DESCRIPTION.
Please add one, modifying
Authors@R: c(person(given = "Keith",
family = "Poole",
role = "aut",
email = "ktpoole@uga.edu"),
person(given = "Jeffrey",
family = "Lewis",
role = "aut",
email = "jblewis@ucla.edu"),
person(given = "James",
family = "Lo",
role = "aut",
email = "lojames@usc.edu"),
person(given = "Royce",
family = "Carroll",
role = "aut",
email = "rcarroll@rice.edu"),
person(given = c("Jeffrey", "B."),
family = "Lewis",
role = "cre",
email = "jblewis@ucla.edu"))
as necessary.
Flavors: r-devel-linux-x86_64-debian-clang, r-devel-linux-x86_64-debian-gcc
These binaries (installable software) and packages are in development.
They may not be fully stable and should be used with caution. We make no claims about them.