Last updated on 2025-02-19 17:51:09 CET.
Flavor | Version | Tinstall | Tcheck | Ttotal | Status | Flags |
---|---|---|---|---|---|---|
r-devel-linux-x86_64-debian-clang | 1.0.5 | 158.93 | 252.23 | 411.16 | OK | |
r-devel-linux-x86_64-debian-gcc | 1.0.5 | 111.72 | 156.94 | 268.66 | OK | |
r-devel-linux-x86_64-fedora-clang | 1.0.5 | 700.32 | OK | |||
r-devel-linux-x86_64-fedora-gcc | 1.0.5 | 700.12 | OK | |||
r-devel-macos-arm64 | 1.0.5 | 200.00 | OK | |||
r-devel-macos-x86_64 | 1.0.5 | 359.00 | OK | |||
r-devel-windows-x86_64 | 1.0.5 | 167.00 | 242.00 | 409.00 | OK | |
r-patched-linux-x86_64 | 1.0.5 | 150.15 | 233.12 | 383.27 | OK | |
r-release-linux-x86_64 | 1.0.5 | 156.73 | 231.80 | 388.53 | OK | |
r-release-macos-arm64 | 1.0.5 | 181.00 | NOTE | |||
r-release-macos-x86_64 | 1.0.5 | 213.00 | NOTE | |||
r-release-windows-x86_64 | 1.0.5 | 169.00 | 240.00 | 409.00 | OK | |
r-oldrel-macos-arm64 | 1.0.5 | 212.00 | NOTE | |||
r-oldrel-macos-x86_64 | 1.0.5 | 364.00 | NOTE | |||
r-oldrel-windows-x86_64 | 1.0.5 | 210.00 | 281.00 | 491.00 | OK |
Version: 1.0.5
Check: installed package size
Result: NOTE
installed size is 8.7Mb
sub-directories of 1Mb or more:
libs 7.9Mb
Flavors: r-release-macos-arm64, r-release-macos-x86_64, r-oldrel-macos-arm64, r-oldrel-macos-x86_64
Version: 1.0.5
Check: package dependencies
Result: NOTE
Package suggested but not available for checking: ‘classInt’
Flavor: r-oldrel-macos-x86_64
These binaries (installable software) and packages are in development.
They may not be fully stable and should be used with caution. We make no claims about them.