CRAN Package Check Results for Package womblR

Last updated on 2025-11-13 13:57:37 CET.

Flavor Version Tinstall Tcheck Ttotal Status Flags
r-devel-linux-x86_64-debian-clang 1.0.6 164.21 219.34 383.55 OK
r-devel-linux-x86_64-debian-gcc 1.0.6 102.50 131.17 233.67 OK
r-devel-linux-x86_64-fedora-clang 1.0.6 189.00 488.55 677.55 OK
r-devel-linux-x86_64-fedora-gcc 1.0.6 235.00 385.36 620.36 OK
r-devel-windows-x86_64 1.0.6 187.00 198.00 385.00 OK
r-patched-linux-x86_64 1.0.6 162.77 199.42 362.19 OK
r-release-linux-x86_64 1.0.6 157.78 197.33 355.11 OK
r-release-macos-arm64 1.0.6 54.00 110.00 164.00 OK
r-release-macos-x86_64 1.0.6 112.00 395.00 507.00 OK
r-release-windows-x86_64 1.0.6 182.00 201.00 383.00 OK
r-oldrel-macos-arm64 1.0.6 53.00 135.00 188.00 NOTE
r-oldrel-macos-x86_64 1.0.6 102.00 414.00 516.00 NOTE
r-oldrel-windows-x86_64 1.0.6 223.00 310.00 533.00 OK

Check Details

Version: 1.0.6
Check: installed package size
Result: NOTE installed size is 8.8Mb sub-directories of 1Mb or more: libs 8.0Mb Flavors: r-oldrel-macos-arm64, r-oldrel-macos-x86_64

These binaries (installable software) and packages are in development.
They may not be fully stable and should be used with caution. We make no claims about them.