Last updated on 2025-02-16 08:51:05 CET.
Flavor | Version | Tinstall | Tcheck | Ttotal | Status | Flags |
---|---|---|---|---|---|---|
r-devel-linux-x86_64-debian-clang | 2.1.3 | 2.54 | 31.58 | 34.12 | NOTE | |
r-devel-linux-x86_64-debian-gcc | 2.1.3 | 2.00 | 24.97 | 26.97 | NOTE | |
r-devel-linux-x86_64-fedora-clang | 2.1.3 | 56.62 | NOTE | |||
r-devel-linux-x86_64-fedora-gcc | 2.1.3 | 70.79 | NOTE | |||
r-devel-macos-arm64 | 2.1.3 | 27.00 | NOTE | |||
r-devel-macos-x86_64 | 2.1.3 | 46.00 | NOTE | |||
r-devel-windows-x86_64 | 2.1.3 | 4.00 | 60.00 | 64.00 | NOTE | |
r-patched-linux-x86_64 | 2.1.3 | 2.67 | 30.17 | 32.84 | NOTE | |
r-release-linux-x86_64 | 2.1.3 | 2.38 | 30.44 | 32.82 | NOTE | |
r-release-macos-arm64 | 2.1.3 | 29.00 | NOTE | |||
r-release-macos-x86_64 | 2.1.3 | 37.00 | NOTE | |||
r-release-windows-x86_64 | 2.1.3 | 5.00 | 65.00 | 70.00 | NOTE | |
r-oldrel-macos-arm64 | 2.1.3 | 27.00 | OK | |||
r-oldrel-macos-x86_64 | 2.1.3 | 40.00 | OK | |||
r-oldrel-windows-x86_64 | 2.1.3 | 5.00 | 61.00 | 66.00 | OK |
Version: 2.1.3
Check: Rd files
Result: NOTE
checkRd: (-1) wordpiece_cache_dir.Rd:16-17: Lost braces in \itemize; meant \describe ?
checkRd: (-1) wordpiece_cache_dir.Rd:18-19: Lost braces in \itemize; meant \describe ?
checkRd: (-1) wordpiece_cache_dir.Rd:20-21: Lost braces in \itemize; meant \describe ?
Flavors: r-devel-linux-x86_64-debian-clang, r-devel-linux-x86_64-debian-gcc, r-devel-linux-x86_64-fedora-clang, r-devel-linux-x86_64-fedora-gcc, r-devel-macos-arm64, r-devel-macos-x86_64, r-devel-windows-x86_64, r-patched-linux-x86_64, r-release-linux-x86_64, r-release-macos-arm64, r-release-macos-x86_64, r-release-windows-x86_64
These binaries (installable software) and packages are in development.
They may not be fully stable and should be used with caution. We make no claims about them.