Last updated on 2025-07-27 09:50:38 CEST.
Flavor | Version | Tinstall | Tcheck | Ttotal | Status | Flags |
---|---|---|---|---|---|---|
r-devel-linux-x86_64-debian-clang | 2.1.3 | 2.55 | 33.63 | 36.18 | NOTE | |
r-devel-linux-x86_64-debian-gcc | 2.1.3 | 1.86 | 26.90 | 28.76 | NOTE | |
r-devel-linux-x86_64-fedora-clang | 2.1.3 | 56.49 | NOTE | |||
r-devel-linux-x86_64-fedora-gcc | 2.1.3 | 66.80 | NOTE | |||
r-devel-windows-x86_64 | 2.1.3 | 4.00 | 72.00 | 76.00 | NOTE | |
r-patched-linux-x86_64 | 2.1.3 | 2.74 | 31.06 | 33.80 | NOTE | |
r-release-linux-x86_64 | 2.1.3 | 2.39 | 31.12 | 33.51 | NOTE | |
r-release-macos-arm64 | 2.1.3 | 38.00 | NOTE | |||
r-release-macos-x86_64 | 2.1.3 | 48.00 | NOTE | |||
r-release-windows-x86_64 | 2.1.3 | 5.00 | 60.00 | 65.00 | NOTE | |
r-oldrel-macos-arm64 | 2.1.3 | 29.00 | NOTE | |||
r-oldrel-macos-x86_64 | 2.1.3 | 37.00 | NOTE | |||
r-oldrel-windows-x86_64 | 2.1.3 | 6.00 | 64.00 | 70.00 | NOTE |
Version: 2.1.3
Check: CRAN incoming feasibility
Result: NOTE
Maintainer: ‘Jonathan Bratt <jonathan.bratt@macmillan.com>’
The Description field contains
Apply 'Wordpiece' (<arXiv:1609.08144>) tokenization to input text,
given an appropriate vocabulary. The 'BERT' (<arXiv:1810.04805>)
Please refer to arXiv e-prints via their arXiv DOI <doi:10.48550/arXiv.YYMM.NNNNN>.
Flavors: r-devel-linux-x86_64-debian-clang, r-devel-linux-x86_64-debian-gcc
Version: 2.1.3
Check: Rd files
Result: NOTE
checkRd: (-1) wordpiece_cache_dir.Rd:16-17: Lost braces in \itemize; meant \describe ?
checkRd: (-1) wordpiece_cache_dir.Rd:18-19: Lost braces in \itemize; meant \describe ?
checkRd: (-1) wordpiece_cache_dir.Rd:20-21: Lost braces in \itemize; meant \describe ?
Flavors: r-devel-linux-x86_64-debian-clang, r-devel-linux-x86_64-debian-gcc, r-devel-linux-x86_64-fedora-clang, r-devel-linux-x86_64-fedora-gcc, r-devel-windows-x86_64, r-patched-linux-x86_64, r-release-linux-x86_64, r-release-macos-arm64, r-release-macos-x86_64, r-release-windows-x86_64, r-oldrel-macos-arm64, r-oldrel-macos-x86_64, r-oldrel-windows-x86_64
These binaries (installable software) and packages are in development.
They may not be fully stable and should be used with caution. We make no claims about them.