CRAN Package Check Results for Package wordpredictor

Last updated on 2025-02-16 08:51:05 CET.

Flavor Version Tinstall Tcheck Ttotal Status Flags
r-devel-linux-x86_64-debian-clang 0.0.5 13.28 65.48 78.76 NOTE
r-devel-linux-x86_64-debian-gcc 0.0.5 8.71 46.72 55.43 NOTE
r-devel-linux-x86_64-fedora-clang 0.0.5 126.71 OK
r-devel-linux-x86_64-fedora-gcc 0.0.5 139.81 OK
r-devel-macos-arm64 0.0.5 47.00 ERROR
r-devel-macos-x86_64 0.0.5 87.00 OK
r-devel-windows-x86_64 0.0.5 14.00 83.00 97.00 OK
r-patched-linux-x86_64 0.0.5 13.01 59.94 72.95 OK
r-release-linux-x86_64 0.0.5 12.21 60.06 72.27 OK
r-release-macos-arm64 0.0.5 47.00 OK
r-release-macos-x86_64 0.0.5 74.00 OK
r-release-windows-x86_64 0.0.5 15.00 84.00 99.00 OK
r-oldrel-macos-arm64 0.0.5 49.00 ERROR
r-oldrel-macos-x86_64 0.0.5 84.00 OK
r-oldrel-windows-x86_64 0.0.5 18.00 92.00 110.00 OK

Check Details

Version: 0.0.5
Check: for unstated dependencies in ‘demo’
Result: NOTE 'library' or 'require' call not declared from: ‘shiny’ Flavors: r-devel-linux-x86_64-debian-clang, r-devel-linux-x86_64-debian-gcc

Version: 0.0.5
Check: re-building of vignette outputs
Result: ERROR Error(s) in re-building vignettes: --- re-building ‘features.Rmd’ using rmarkdown --- finished re-building ‘features.Rmd’ --- re-building ‘overview.Rmd’ using rmarkdown Error reading bibliography file references.bib: (line 56, column 16): unexpected 't' Error: processing vignette 'overview.Rmd' failed with diagnostics: pandoc document conversion failed with error 25 --- failed re-building ‘overview.Rmd’ SUMMARY: processing the following file failed: ‘overview.Rmd’ Error: Vignette re-building failed. Execution halted Flavors: r-devel-macos-arm64, r-oldrel-macos-arm64

These binaries (installable software) and packages are in development.
They may not be fully stable and should be used with caution. We make no claims about them.