CRAN Package Check Results for Package wordpredictor

Last updated on 2025-05-08 04:52:22 CEST.

Flavor Version Tinstall Tcheck Ttotal Status Flags
r-devel-linux-x86_64-debian-clang 0.0.5 13.25 71.66 84.91 NOTE
r-devel-linux-x86_64-debian-gcc 0.0.5 8.69 52.99 61.68 NOTE
r-devel-linux-x86_64-fedora-clang 0.0.5 123.54 OK
r-devel-linux-x86_64-fedora-gcc 0.0.5 137.69 OK
r-devel-windows-x86_64 0.0.5 14.00 87.00 101.00 OK
r-patched-linux-x86_64 0.0.5 9.51 67.60 77.11 NOTE
r-release-linux-x86_64 0.0.5 12.16 67.76 79.92 NOTE
r-release-macos-arm64 0.0.5 44.00 OK
r-release-macos-x86_64 0.0.5 87.00 OK
r-release-windows-x86_64 0.0.5 16.00 88.00 104.00 OK
r-oldrel-macos-arm64 0.0.5 47.00 OK
r-oldrel-macos-x86_64 0.0.5 74.00 OK
r-oldrel-windows-x86_64 0.0.5 21.00 108.00 129.00 OK

Check Details

Version: 0.0.5
Check: for unstated dependencies in ‘demo’
Result: NOTE 'library' or 'require' call not declared from: ‘shiny’ Flavors: r-devel-linux-x86_64-debian-clang, r-devel-linux-x86_64-debian-gcc, r-patched-linux-x86_64, r-release-linux-x86_64

These binaries (installable software) and packages are in development.
They may not be fully stable and should be used with caution. We make no claims about them.