Last updated on 2025-02-21 15:52:20 CET.
Flavor | Version | Tinstall | Tcheck | Ttotal | Status | Flags |
---|---|---|---|---|---|---|
r-devel-linux-x86_64-debian-clang | 0.2-8 | 26.91 | 108.64 | 135.55 | NOTE | |
r-devel-linux-x86_64-debian-gcc | 0.2-8 | 20.77 | 75.94 | 96.71 | NOTE | |
r-devel-linux-x86_64-fedora-clang | 0.2-8 | 218.99 | OK | |||
r-devel-linux-x86_64-fedora-gcc | 0.2-8 | 235.68 | OK | |||
r-devel-macos-arm64 | 0.2-8 | 73.00 | OK | |||
r-devel-macos-x86_64 | 0.2-8 | 126.00 | OK | |||
r-devel-windows-x86_64 | 0.2-8 | 31.00 | 148.00 | 179.00 | NOTE | |
r-patched-linux-x86_64 | 0.2-8 | 33.07 | 102.45 | 135.52 | OK | |
r-release-linux-x86_64 | 0.2-8 | 28.30 | 101.90 | 130.20 | OK | |
r-release-macos-arm64 | 0.2-8 | 70.00 | OK | |||
r-release-macos-x86_64 | 0.2-8 | 119.00 | OK | |||
r-release-windows-x86_64 | 0.2-8 | 31.00 | 149.00 | 180.00 | OK | |
r-oldrel-macos-arm64 | 0.2-8 | 70.00 | OK | |||
r-oldrel-macos-x86_64 | 0.2-8 | 119.00 | OK | |||
r-oldrel-windows-x86_64 | 0.2-8 | 39.00 | 199.00 | 238.00 | OK |
Version: 0.2-8
Check: Rd cross-references
Result: NOTE
Found the following Rd file(s) with Rd \link{} targets missing package
anchors:
DSM_TermContextMatrix.Rd: dgCMatrix-class
as_distmat.Rd: sparseMatrix
dsm.Rd: sparseMatrix-class, dMatrix-class
dsm_canonical_matrix.Rd: dgTMatrix-class, dgCMatrix-class,
denseMatrix-class
dsm_projection.Rd: sparsesvd
rsvd.Rd: sparsesvd
signcount.Rd: Matrix, dgeMatrix-class, dgCMatrix-class,
dgRMatrix-class
Please provide package anchors for all Rd \link{} targets not in the
package itself and the base packages.
Flavors: r-devel-linux-x86_64-debian-clang, r-devel-linux-x86_64-debian-gcc, r-devel-windows-x86_64
These binaries (installable software) and packages are in development.
They may not be fully stable and should be used with caution. We make no claims about them.