Last updated on 2025-10-03 11:51:06 CEST.
Flavor | Version | Tinstall | Tcheck | Ttotal | Status | Flags |
---|---|---|---|---|---|---|
r-devel-linux-x86_64-debian-clang | 0.5.1 | 52.17 | 99.47 | 151.64 | OK | |
r-devel-linux-x86_64-debian-gcc | 0.5.1 | 41.52 | 75.06 | 116.58 | OK | |
r-devel-linux-x86_64-fedora-clang | 0.5.1 | 267.65 | OK | |||
r-devel-linux-x86_64-fedora-gcc | 0.5.1 | 251.74 | OK | |||
r-devel-windows-x86_64 | 0.5.1 | 66.00 | 128.00 | 194.00 | OK | |
r-patched-linux-x86_64 | 0.5.1 | 58.84 | 96.97 | 155.81 | OK | |
r-release-linux-x86_64 | 0.5.1 | 53.97 | 97.32 | 151.29 | OK | |
r-release-macos-arm64 | 0.5.1 | 78.00 | OK | |||
r-release-macos-x86_64 | 0.5.1 | 97.00 | OK | |||
r-release-windows-x86_64 | 0.5.1 | 67.00 | 129.00 | 196.00 | OK | |
r-oldrel-macos-arm64 | 0.5.1 | 75.00 | NOTE | |||
r-oldrel-macos-x86_64 | 0.5.1 | 97.00 | NOTE | |||
r-oldrel-windows-x86_64 | 0.5.1 | 81.00 | 160.00 | 241.00 | OK |
Version: 0.5.1
Check: installed package size
Result: NOTE
installed size is 6.7Mb
sub-directories of 1Mb or more:
data 3.8Mb
libs 2.7Mb
Flavors: r-oldrel-macos-arm64, r-oldrel-macos-x86_64
These binaries (installable software) and packages are in development.
They may not be fully stable and should be used with caution. We make no claims about them.