Last updated on 2025-02-23 07:52:14 CET.
Flavor | Version | Tinstall | Tcheck | Ttotal | Status | Flags |
---|---|---|---|---|---|---|
r-devel-linux-x86_64-debian-clang | 0.2.0 | 55.53 | 81.10 | 136.63 | OK | |
r-devel-linux-x86_64-debian-gcc | 0.2.0 | 34.66 | 60.51 | 95.17 | OK | |
r-devel-linux-x86_64-fedora-clang | 0.2.0 | 242.35 | OK | |||
r-devel-linux-x86_64-fedora-gcc | 0.2.0 | 221.28 | OK | |||
r-devel-macos-arm64 | 0.2.0 | 61.00 | OK | |||
r-devel-macos-x86_64 | 0.2.0 | 110.00 | OK | |||
r-devel-windows-x86_64 | 0.2.0 | 57.00 | 112.00 | 169.00 | OK | |
r-patched-linux-x86_64 | 0.2.0 | 52.34 | 77.86 | 130.20 | OK | |
r-release-linux-x86_64 | 0.2.0 | 50.92 | 77.48 | 128.40 | OK | |
r-release-macos-arm64 | 0.2.0 | 68.00 | NOTE | |||
r-release-macos-x86_64 | 0.2.0 | 136.00 | NOTE | |||
r-release-windows-x86_64 | 0.2.0 | 61.00 | 109.00 | 170.00 | OK | |
r-oldrel-macos-arm64 | 0.2.0 | 76.00 | NOTE | |||
r-oldrel-macos-x86_64 | 0.2.0 | 140.00 | NOTE | |||
r-oldrel-windows-x86_64 | 0.2.0 | 73.00 | 142.00 | 215.00 | NOTE |
Version: 0.2.0
Check: installed package size
Result: NOTE
installed size is 6.2Mb
sub-directories of 1Mb or more:
data 3.8Mb
libs 2.2Mb
Flavors: r-release-macos-arm64, r-release-macos-x86_64, r-oldrel-macos-arm64, r-oldrel-macos-x86_64, r-oldrel-windows-x86_64
These binaries (installable software) and packages are in development.
They may not be fully stable and should be used with caution. We make no claims about them.