CRAN Package Check Results for Package workflowr

Last updated on 2025-05-01 12:49:45 CEST.

Flavor Version Tinstall Tcheck Ttotal Status Flags
r-devel-linux-x86_64-debian-clang 1.7.1 7.82 176.83 184.65 NOTE
r-devel-linux-x86_64-debian-gcc 1.7.1 6.25 116.78 123.03 NOTE
r-devel-linux-x86_64-fedora-clang 1.7.1 267.51 OK
r-devel-linux-x86_64-fedora-gcc 1.7.1 277.53 OK
r-devel-windows-x86_64 1.7.1 10.00 179.00 189.00 NOTE
r-patched-linux-x86_64 1.7.1 8.96 172.06 181.02 NOTE
r-release-linux-x86_64 NOTE
r-release-macos-arm64 1.7.1 157.00 OK
r-release-macos-x86_64 1.7.1 227.00 OK
r-release-windows-x86_64 1.7.1 11.00 190.00 201.00 NOTE
r-oldrel-macos-arm64 1.7.1 117.00 OK
r-oldrel-macos-x86_64 1.7.1 175.00 OK
r-oldrel-windows-x86_64 1.7.1 12.00 196.00 208.00 OK

Check Details

Version: 1.7.1
Check: Rd cross-references
Result: NOTE Found the following Rd file(s) with Rd \link{} targets missing package anchors: wflow_build.Rd: rmarkdown wflow_git_commit.Rd: git2r wflow_git_config.Rd: git2r wflow_git_pull.Rd: git2r wflow_git_push.Rd: git2r wflow_post_knit.Rd: rmarkdown wflow_pre_knit.Rd: rmarkdown wflow_pre_processor.Rd: rmarkdown wflow_remove.Rd: git2r wflow_rename.Rd: git2r wflow_start.Rd: git2r wflow_status.Rd: git2r Please provide package anchors for all Rd \link{} targets not in the package itself and the base packages. Flavors: r-devel-linux-x86_64-debian-clang, r-devel-linux-x86_64-debian-gcc, r-devel-windows-x86_64, r-patched-linux-x86_64, r-release-linux-x86_64, r-release-windows-x86_64

These binaries (installable software) and packages are in development.
They may not be fully stable and should be used with caution. We make no claims about them.