Last updated on 2025-10-23 11:50:34 CEST.
Flavor | Version | Tinstall | Tcheck | Ttotal | Status | Flags |
---|---|---|---|---|---|---|
r-devel-linux-x86_64-debian-clang | 0.6.2 | 13.47 | 88.41 | 101.88 | NOTE | |
r-devel-linux-x86_64-debian-gcc | 0.6.2 | 8.80 | 60.97 | 69.77 | OK | |
r-devel-linux-x86_64-fedora-clang | 0.6.2 | 62.00 | 106.37 | 168.37 | OK | |
r-devel-linux-x86_64-fedora-gcc | 0.6.2 | 31.00 | 116.80 | 147.80 | OK | |
r-devel-windows-x86_64 | 0.6.2 | 16.00 | 158.00 | 174.00 | OK | |
r-patched-linux-x86_64 | 0.6.2 | 14.33 | 82.62 | 96.95 | OK | |
r-release-linux-x86_64 | 0.6.2 | 14.46 | 83.43 | 97.89 | OK | |
r-release-macos-arm64 | 0.6.2 | 6.00 | 96.00 | 102.00 | OK | |
r-release-macos-x86_64 | 0.6.2 | 15.00 | 136.00 | 151.00 | OK | |
r-release-windows-x86_64 | 0.6.2 | 15.00 | 161.00 | 176.00 | OK | |
r-oldrel-macos-arm64 | 0.6.2 | 6.00 | 93.00 | 99.00 | OK | |
r-oldrel-macos-x86_64 | 0.6.2 | 10.00 | 113.00 | 123.00 | OK | |
r-oldrel-windows-x86_64 | 0.6.2 | 21.00 | 181.00 | 202.00 | OK |
Version: 0.6.2
Check: HTML version of manual
Result: NOTE
Found the following HTML validation problems:
fotmob_get_league_ids.html:46:1 (fotmob_get_league_ids.Rd:10): Warning: missing </ul> before </div>
Flavor: r-devel-linux-x86_64-debian-clang
These binaries (installable software) and packages are in development.
They may not be fully stable and should be used with caution. We make no claims about them.