Last updated on 2024-07-27 15:50:37 CEST.
Flavor | Version | Tinstall | Tcheck | Ttotal | Status | Flags |
---|---|---|---|---|---|---|
r-devel-linux-x86_64-debian-clang | 0.6.2 | 21.52 | 109.75 | 131.27 | OK | |
r-devel-linux-x86_64-debian-gcc | 0.6.2 | OK | ||||
r-devel-linux-x86_64-fedora-clang | 0.6.2 | 157.01 | NOTE | |||
r-devel-linux-x86_64-fedora-gcc | 0.6.2 | 141.56 | OK | |||
r-devel-windows-x86_64 | 0.6.2 | 19.00 | 157.00 | 176.00 | OK | |
r-patched-linux-x86_64 | 0.6.2 | OK | ||||
r-release-linux-x86_64 | 0.6.2 | 12.01 | 99.77 | 111.78 | OK | |
r-release-macos-arm64 | 0.6.2 | 99.00 | OK | |||
r-release-macos-x86_64 | 0.6.2 | 123.00 | OK | |||
r-release-windows-x86_64 | 0.6.2 | 16.00 | 157.00 | 173.00 | OK | |
r-oldrel-macos-arm64 | 0.6.2 | 96.00 | OK | |||
r-oldrel-macos-x86_64 | 0.6.2 | 120.00 | OK | |||
r-oldrel-windows-x86_64 | 0.6.2 | 21.00 | 172.00 | 193.00 | OK |
Version: 0.6.2
Check: package dependencies
Result: NOTE
Imports includes 23 non-default packages.
Importing from so many packages makes the package vulnerable to any of
them becoming unavailable. Move as many as possible to Suggests and
use conditionally.
Flavor: r-devel-linux-x86_64-fedora-clang
These binaries (installable software) and packages are in development.
They may not be fully stable and should be used with caution. We make no claims about them.