CRAN Package Check Results for Package wosr

Last updated on 2025-02-16 08:51:05 CET.

Flavor Version Tinstall Tcheck Ttotal Status Flags
r-devel-linux-x86_64-debian-clang 0.3.0 3.22 27.80 31.02 OK
r-devel-linux-x86_64-debian-gcc 0.3.0 1.84 20.95 22.79 OK
r-devel-linux-x86_64-fedora-clang 0.3.0 49.85 OK
r-devel-linux-x86_64-fedora-gcc 0.3.0 50.32 OK
r-devel-macos-arm64 0.3.0 19.00 OK
r-devel-macos-x86_64 0.3.0 29.00 OK
r-devel-windows-x86_64 0.3.0 4.00 49.00 53.00 OK
r-patched-linux-x86_64 0.3.0 3.31 26.06 29.37 NOTE
r-release-linux-x86_64 0.3.0 2.58 26.33 28.91 NOTE
r-release-macos-arm64 0.3.0 19.00 NOTE
r-release-macos-x86_64 0.3.0 26.00 NOTE
r-release-windows-x86_64 0.3.0 5.00 56.00 61.00 NOTE
r-oldrel-macos-arm64 0.3.0 17.00 NOTE
r-oldrel-macos-x86_64 0.3.0 24.00 NOTE
r-oldrel-windows-x86_64 0.3.0 5.00 60.00 65.00 NOTE

Check Details

Version: 0.3.0
Check: LazyData
Result: NOTE 'LazyData' is specified without a 'data' directory Flavors: r-patched-linux-x86_64, r-release-linux-x86_64, r-release-macos-arm64, r-release-macos-x86_64, r-release-windows-x86_64, r-oldrel-macos-arm64, r-oldrel-macos-x86_64, r-oldrel-windows-x86_64

These binaries (installable software) and packages are in development.
They may not be fully stable and should be used with caution. We make no claims about them.