Last updated on 2025-05-01 15:49:48 CEST.
Flavor | Version | Tinstall | Tcheck | Ttotal | Status | Flags |
---|---|---|---|---|---|---|
r-devel-linux-x86_64-debian-clang | 0.3.0 | 3.17 | 29.00 | 32.17 | OK | |
r-devel-linux-x86_64-debian-gcc | 0.3.0 | 2.31 | 22.77 | 25.08 | OK | |
r-devel-linux-x86_64-fedora-clang | 0.3.0 | 48.71 | OK | |||
r-devel-linux-x86_64-fedora-gcc | 0.3.0 | 46.67 | OK | |||
r-devel-windows-x86_64 | 0.3.0 | 5.00 | 52.00 | 57.00 | OK | |
r-patched-linux-x86_64 | 0.3.0 | 3.06 | 26.85 | 29.91 | OK | |
r-release-linux-x86_64 | OK | |||||
r-release-macos-arm64 | 0.3.0 | 19.00 | OK | |||
r-release-macos-x86_64 | 0.3.0 | 31.00 | OK | |||
r-release-windows-x86_64 | 0.3.0 | 5.00 | 55.00 | 60.00 | OK | |
r-oldrel-macos-arm64 | 0.3.0 | 19.00 | NOTE | |||
r-oldrel-macos-x86_64 | 0.3.0 | 26.00 | NOTE | |||
r-oldrel-windows-x86_64 | 0.3.0 | 5.00 | 55.00 | 60.00 | NOTE |
Version: 0.3.0
Check: LazyData
Result: NOTE
'LazyData' is specified without a 'data' directory
Flavors: r-oldrel-macos-arm64, r-oldrel-macos-x86_64, r-oldrel-windows-x86_64
These binaries (installable software) and packages are in development.
They may not be fully stable and should be used with caution. We make no claims about them.