Last updated on 2025-10-24 05:51:03 CEST.
| Flavor | Version | Tinstall | Tcheck | Ttotal | Status | Flags |
|---|---|---|---|---|---|---|
| r-devel-linux-x86_64-debian-clang | 0.3.0 | 3.24 | 30.85 | 34.09 | OK | |
| r-devel-linux-x86_64-debian-gcc | 0.3.0 | 2.12 | 23.95 | 26.07 | OK | |
| r-devel-linux-x86_64-fedora-clang | 0.3.0 | 21.00 | 30.53 | 51.53 | OK | |
| r-devel-linux-x86_64-fedora-gcc | 0.3.0 | 46.99 | OK | |||
| r-devel-windows-x86_64 | 0.3.0 | 5.00 | 48.00 | 53.00 | OK | |
| r-patched-linux-x86_64 | 0.3.0 | 3.40 | 28.14 | 31.54 | OK | |
| r-release-linux-x86_64 | 0.3.0 | 2.98 | 28.19 | 31.17 | OK | |
| r-release-macos-arm64 | 0.3.0 | 2.00 | 17.00 | 19.00 | OK | |
| r-release-macos-x86_64 | 0.3.0 | 3.00 | 28.00 | 31.00 | OK | |
| r-release-windows-x86_64 | 0.3.0 | 5.00 | 50.00 | 55.00 | OK | |
| r-oldrel-macos-arm64 | 0.3.0 | 2.00 | 17.00 | 19.00 | NOTE | |
| r-oldrel-macos-x86_64 | 0.3.0 | 2.00 | 24.00 | 26.00 | NOTE | |
| r-oldrel-windows-x86_64 | 0.3.0 | 6.00 | 58.00 | 64.00 | NOTE |
Version: 0.3.0
Check: LazyData
Result: NOTE
'LazyData' is specified without a 'data' directory
Flavors: r-oldrel-macos-arm64, r-oldrel-macos-x86_64, r-oldrel-windows-x86_64
These binaries (installable software) and packages are in development.
They may not be fully stable and should be used with caution. We make no claims about them.