Last updated on 2025-02-16 08:51:05 CET.
Flavor | Version | Tinstall | Tcheck | Ttotal | Status | Flags |
---|---|---|---|---|---|---|
r-devel-linux-x86_64-debian-clang | 1.0-1 | 1.58 | 18.74 | 20.32 | NOTE | |
r-devel-linux-x86_64-debian-gcc | 1.0-1 | 1.25 | 15.34 | 16.59 | NOTE | |
r-devel-linux-x86_64-fedora-clang | 1.0-1 | 31.70 | NOTE | |||
r-devel-linux-x86_64-fedora-gcc | 1.0-1 | 32.17 | NOTE | |||
r-devel-macos-arm64 | 1.0-1 | 16.00 | NOTE | |||
r-devel-macos-x86_64 | 1.0-1 | 25.00 | NOTE | |||
r-devel-windows-x86_64 | 1.0-1 | 3.00 | 45.00 | 48.00 | NOTE | |
r-patched-linux-x86_64 | 1.0-1 | 1.56 | 18.04 | 19.60 | NOTE | |
r-release-linux-x86_64 | 1.0-1 | 1.43 | 18.04 | 19.47 | NOTE | |
r-release-macos-arm64 | 1.0-1 | 15.00 | NOTE | |||
r-release-macos-x86_64 | 1.0-1 | 23.00 | NOTE | |||
r-release-windows-x86_64 | 1.0-1 | 3.00 | 43.00 | 46.00 | NOTE | |
r-oldrel-macos-arm64 | 1.0-1 | 17.00 | NOTE | |||
r-oldrel-macos-x86_64 | 1.0-1 | 23.00 | NOTE | |||
r-oldrel-windows-x86_64 | 1.0-1 | 4.00 | 43.00 | 47.00 | NOTE |
Version: 1.0-1
Check: DESCRIPTION meta-information
Result: NOTE
Malformed Description field: should contain one or more complete sentences.
Flavors: r-devel-linux-x86_64-debian-clang, r-devel-linux-x86_64-debian-gcc, r-devel-linux-x86_64-fedora-clang, r-devel-linux-x86_64-fedora-gcc, r-devel-macos-arm64, r-devel-macos-x86_64, r-devel-windows-x86_64, r-patched-linux-x86_64, r-release-linux-x86_64, r-release-macos-arm64, r-release-macos-x86_64, r-release-windows-x86_64, r-oldrel-macos-arm64, r-oldrel-macos-x86_64, r-oldrel-windows-x86_64
These binaries (installable software) and packages are in development.
They may not be fully stable and should be used with caution. We make no claims about them.