Last updated on 2025-02-16 08:51:05 CET.
Flavor | Version | Tinstall | Tcheck | Ttotal | Status | Flags |
---|---|---|---|---|---|---|
r-devel-linux-x86_64-debian-clang | 1.2-3 | 2.71 | 51.44 | 54.15 | OK | |
r-devel-linux-x86_64-debian-gcc | 1.2-3 | 2.18 | 40.42 | 42.60 | OK | |
r-devel-linux-x86_64-fedora-clang | 1.2-3 | 74.95 | OK | |||
r-devel-linux-x86_64-fedora-gcc | 1.2-3 | 73.78 | OK | |||
r-devel-macos-arm64 | 1.2-3 | 37.00 | OK | |||
r-devel-macos-x86_64 | 1.2-3 | 48.00 | OK | |||
r-devel-windows-x86_64 | 1.2-3 | 6.00 | 75.00 | 81.00 | OK | |
r-patched-linux-x86_64 | 1.2-3 | 3.09 | 46.64 | 49.73 | OK | |
r-release-linux-x86_64 | 1.2-3 | 2.67 | 46.25 | 48.92 | OK | |
r-release-macos-arm64 | 1.2-3 | 36.00 | NOTE | |||
r-release-macos-x86_64 | 1.2-3 | 45.00 | NOTE | |||
r-release-windows-x86_64 | 1.2-3 | 5.00 | 78.00 | 83.00 | NOTE | |
r-oldrel-macos-arm64 | 1.2-3 | 34.00 | NOTE | |||
r-oldrel-macos-x86_64 | 1.2-3 | 44.00 | NOTE | |||
r-oldrel-windows-x86_64 | 1.2-3 | 7.00 | 76.00 | 83.00 | NOTE |
Version: 1.2-3
Check: installed package size
Result: NOTE
installed size is 11.5Mb
sub-directories of 1Mb or more:
data 11.4Mb
Flavors: r-release-macos-arm64, r-release-macos-x86_64, r-release-windows-x86_64, r-oldrel-macos-arm64, r-oldrel-macos-x86_64, r-oldrel-windows-x86_64
These binaries (installable software) and packages are in development.
They may not be fully stable and should be used with caution. We make no claims about them.