Last updated on 2025-10-03 05:53:58 CEST.
Flavor | Version | Tinstall | Tcheck | Ttotal | Status | Flags |
---|---|---|---|---|---|---|
r-devel-linux-x86_64-debian-clang | 1.13.3 | 19.65 | 266.88 | 286.53 | OK | |
r-devel-linux-x86_64-debian-gcc | 1.13.3 | 12.71 | 180.05 | 192.76 | OK | |
r-devel-linux-x86_64-fedora-clang | 1.13.3 | 406.39 | OK | |||
r-devel-linux-x86_64-fedora-gcc | 1.13.3 | 445.21 | OK | |||
r-devel-windows-x86_64 | 1.13.3 | 24.00 | 219.00 | 243.00 | OK | |
r-patched-linux-x86_64 | 1.13.3 | 22.58 | 260.47 | 283.05 | OK | |
r-release-linux-x86_64 | 1.13.3 | 19.61 | 260.62 | 280.23 | OK | |
r-release-macos-arm64 | 1.13.3 | 97.00 | OK | |||
r-release-macos-x86_64 | 1.13.3 | 217.00 | OK | |||
r-release-windows-x86_64 | 1.13.3 | 22.00 | 223.00 | 245.00 | OK | |
r-oldrel-macos-arm64 | 1.13.3 | 106.00 | NOTE | |||
r-oldrel-macos-x86_64 | 1.13.3 | 228.00 | NOTE | |||
r-oldrel-windows-x86_64 | 1.13.3 | 32.00 | 273.00 | 305.00 | NOTE |
Version: 1.13.3
Check: installed package size
Result: NOTE
installed size is 6.5Mb
sub-directories of 1Mb or more:
doc 2.8Mb
extdata 2.5Mb
Flavors: r-oldrel-macos-arm64, r-oldrel-macos-x86_64, r-oldrel-windows-x86_64
These binaries (installable software) and packages are in development.
They may not be fully stable and should be used with caution. We make no claims about them.