Last updated on 2025-02-16 08:51:05 CET.
Flavor | Version | Tinstall | Tcheck | Ttotal | Status | Flags |
---|---|---|---|---|---|---|
r-devel-linux-x86_64-debian-clang | 1.13.0 | 20.98 | 275.41 | 296.39 | OK | |
r-devel-linux-x86_64-debian-gcc | 1.13.0 | 13.91 | 181.61 | 195.52 | OK | |
r-devel-linux-x86_64-fedora-clang | 1.13.0 | 396.98 | OK | |||
r-devel-linux-x86_64-fedora-gcc | 1.13.0 | 527.13 | OK | |||
r-devel-macos-arm64 | 1.13.0 | 98.00 | OK | |||
r-devel-macos-x86_64 | 1.13.0 | 227.00 | OK | |||
r-devel-windows-x86_64 | 1.13.0 | 21.00 | 235.00 | 256.00 | OK | |
r-patched-linux-x86_64 | 1.13.0 | 21.14 | 265.38 | 286.52 | OK | |
r-release-linux-x86_64 | 1.13.0 | 19.28 | 265.60 | 284.88 | OK | |
r-release-macos-arm64 | 1.13.0 | 99.00 | NOTE | |||
r-release-macos-x86_64 | 1.13.0 | 184.00 | NOTE | |||
r-release-windows-x86_64 | 1.13.0 | 22.00 | 220.00 | 242.00 | NOTE | |
r-oldrel-macos-arm64 | 1.13.0 | 100.00 | NOTE | |||
r-oldrel-macos-x86_64 | 1.13.0 | 176.00 | NOTE | |||
r-oldrel-windows-x86_64 | 1.13.0 | 26.00 | 282.00 | 308.00 | NOTE |
Version: 1.13.0
Check: installed package size
Result: NOTE
installed size is 6.9Mb
sub-directories of 1Mb or more:
doc 3.3Mb
extdata 2.5Mb
Flavors: r-release-macos-arm64, r-release-macos-x86_64, r-release-windows-x86_64, r-oldrel-macos-arm64, r-oldrel-macos-x86_64, r-oldrel-windows-x86_64
Version: 1.13.0
Check: package dependencies
Result: NOTE
Package suggested but not available for checking: ‘ROTS’
Flavors: r-oldrel-macos-arm64, r-oldrel-macos-x86_64
These binaries (installable software) and packages are in development.
They may not be fully stable and should be used with caution. We make no claims about them.