CRAN Package Check Results for Package wrangle

Last updated on 2025-11-11 15:50:52 CET.

Flavor Version Tinstall Tcheck Ttotal Status Flags
r-devel-linux-x86_64-debian-clang 0.6.4 4.73 37.70 42.43 NOTE
r-devel-linux-x86_64-debian-gcc 0.6.4 3.10 28.32 31.42 NOTE
r-devel-linux-x86_64-fedora-clang 0.6.4 13.00 52.17 65.17 OK
r-devel-linux-x86_64-fedora-gcc 0.6.4 60.11 OK
r-devel-windows-x86_64 0.6.4 6.00 54.00 60.00 OK
r-patched-linux-x86_64 0.6.4 4.35 35.85 40.20 OK
r-release-linux-x86_64 0.6.4 4.20 35.78 39.98 OK
r-release-macos-arm64 0.6.4 2.00 21.00 23.00 OK
r-release-macos-x86_64 0.6.4 4.00 34.00 38.00 OK
r-release-windows-x86_64 0.6.4 7.00 55.00 62.00 OK
r-oldrel-macos-arm64 0.6.4 2.00 18.00 20.00 OK
r-oldrel-macos-x86_64 0.6.4 4.00 33.00 37.00 OK
r-oldrel-windows-x86_64 0.6.4 8.00 64.00 72.00 OK

Check Details

Version: 0.6.4
Check: CRAN incoming feasibility
Result: NOTE Maintainer: ‘Tim Bergsma <bergsmat@gmail.com>’ No Authors@R field in DESCRIPTION. Please add one, modifying Authors@R: person(given = "Tim", family = "Bergsma", role = c("aut", "cre"), email = "bergsmat@gmail.com") as necessary. Flavors: r-devel-linux-x86_64-debian-clang, r-devel-linux-x86_64-debian-gcc

These binaries (installable software) and packages are in development.
They may not be fully stable and should be used with caution. We make no claims about them.