Last updated on 2025-10-03 05:53:58 CEST.
Flavor | Version | Tinstall | Tcheck | Ttotal | Status | Flags |
---|---|---|---|---|---|---|
r-devel-linux-x86_64-debian-clang | 1.1.1 | 11.79 | 30.65 | 42.44 | OK | |
r-devel-linux-x86_64-debian-gcc | 1.1.1 | 8.37 | 23.96 | 32.33 | OK | |
r-devel-linux-x86_64-fedora-clang | 1.1.1 | 71.37 | OK | |||
r-devel-linux-x86_64-fedora-gcc | 1.1.1 | 70.04 | OK | |||
r-devel-windows-x86_64 | 1.1.1 | 16.00 | 64.00 | 80.00 | OK | |
r-patched-linux-x86_64 | 1.1.1 | 11.70 | 28.26 | 39.96 | OK | |
r-release-linux-x86_64 | 1.1.1 | 12.09 | 28.06 | 40.15 | OK | |
r-release-macos-arm64 | 1.1.1 | 24.00 | OK | |||
r-release-macos-x86_64 | 1.1.1 | 40.00 | OK | |||
r-release-windows-x86_64 | 1.1.1 | 17.00 | 65.00 | 82.00 | OK | |
r-oldrel-macos-arm64 | 1.1.1 | 24.00 | NOTE | |||
r-oldrel-macos-x86_64 | 1.1.1 | 33.00 | NOTE | |||
r-oldrel-windows-x86_64 | 1.1.1 | 16.00 | 78.00 | 94.00 | NOTE |
Version: 1.1.1
Check: LazyData
Result: NOTE
'LazyData' is specified without a 'data' directory
Flavors: r-oldrel-macos-arm64, r-oldrel-macos-x86_64, r-oldrel-windows-x86_64
These binaries (installable software) and packages are in development.
They may not be fully stable and should be used with caution. We make no claims about them.