Last updated on 2025-02-16 08:51:05 CET.
Flavor | Version | Tinstall | Tcheck | Ttotal | Status | Flags |
---|---|---|---|---|---|---|
r-devel-linux-x86_64-debian-clang | 1.1.1 | 11.53 | 27.20 | 38.73 | OK | |
r-devel-linux-x86_64-debian-gcc | 1.1.1 | 8.32 | 21.31 | 29.63 | OK | |
r-devel-linux-x86_64-fedora-clang | 1.1.1 | 68.78 | OK | |||
r-devel-linux-x86_64-fedora-gcc | 1.1.1 | 70.30 | OK | |||
r-devel-macos-arm64 | 1.1.1 | 21.00 | OK | |||
r-devel-macos-x86_64 | 1.1.1 | 35.00 | OK | |||
r-devel-windows-x86_64 | 1.1.1 | 16.00 | 65.00 | 81.00 | OK | |
r-patched-linux-x86_64 | 1.1.1 | 11.26 | 26.26 | 37.52 | NOTE | |
r-release-linux-x86_64 | 1.1.1 | 11.64 | 26.34 | 37.98 | NOTE | |
r-release-macos-arm64 | 1.1.1 | 24.00 | NOTE | |||
r-release-macos-x86_64 | 1.1.1 | 33.00 | NOTE | |||
r-release-windows-x86_64 | 1.1.1 | 16.00 | 66.00 | 82.00 | NOTE | |
r-oldrel-macos-arm64 | 1.1.1 | 26.00 | NOTE | |||
r-oldrel-macos-x86_64 | 1.1.1 | 39.00 | NOTE | |||
r-oldrel-windows-x86_64 | 1.1.1 | 19.00 | 77.00 | 96.00 | NOTE |
Version: 1.1.1
Check: LazyData
Result: NOTE
'LazyData' is specified without a 'data' directory
Flavors: r-patched-linux-x86_64, r-release-linux-x86_64, r-release-macos-arm64, r-release-macos-x86_64, r-release-windows-x86_64, r-oldrel-macos-arm64, r-oldrel-macos-x86_64, r-oldrel-windows-x86_64
These binaries (installable software) and packages are in development.
They may not be fully stable and should be used with caution. We make no claims about them.