Last updated on 2025-07-25 01:49:43 CEST.
Flavor | Version | Tinstall | Tcheck | Ttotal | Status | Flags |
---|---|---|---|---|---|---|
r-devel-linux-x86_64-debian-clang | 1.1.1 | 11.07 | 29.14 | 40.21 | OK | |
r-devel-linux-x86_64-debian-gcc | 1.1.1 | 9.32 | 22.92 | 32.24 | OK | |
r-devel-linux-x86_64-fedora-clang | 1.1.1 | 69.24 | OK | |||
r-devel-linux-x86_64-fedora-gcc | 1.1.1 | 64.23 | OK | |||
r-devel-windows-x86_64 | 1.1.1 | 19.00 | 79.00 | 98.00 | OK | |
r-patched-linux-x86_64 | 1.1.1 | 11.49 | 27.05 | 38.54 | OK | |
r-release-linux-x86_64 | 1.1.1 | 12.00 | 27.11 | 39.11 | OK | |
r-release-macos-arm64 | 1.1.1 | 24.00 | OK | |||
r-release-macos-x86_64 | 1.1.1 | 40.00 | OK | |||
r-release-windows-x86_64 | 1.1.1 | 16.00 | 63.00 | 79.00 | OK | |
r-oldrel-macos-arm64 | 1.1.1 | 24.00 | NOTE | |||
r-oldrel-macos-x86_64 | 1.1.1 | 33.00 | NOTE | |||
r-oldrel-windows-x86_64 | 1.1.1 | 16.00 | 76.00 | 92.00 | NOTE |
Version: 1.1.1
Check: LazyData
Result: NOTE
'LazyData' is specified without a 'data' directory
Flavors: r-oldrel-macos-arm64, r-oldrel-macos-x86_64, r-oldrel-windows-x86_64
These binaries (installable software) and packages are in development.
They may not be fully stable and should be used with caution. We make no claims about them.