CRAN Package Check Results for Package wru

Last updated on 2025-05-21 21:49:35 CEST.

Flavor Version Tinstall Tcheck Ttotal Status Flags
r-devel-linux-x86_64-debian-clang 3.0.3 45.47 71.50 116.97 OK
r-devel-linux-x86_64-debian-gcc 3.0.3 33.56 50.79 84.35 OK
r-devel-linux-x86_64-fedora-clang 3.0.3 201.15 NOTE
r-devel-linux-x86_64-fedora-gcc 3.0.3 185.54 NOTE
r-devel-windows-x86_64 3.0.3 54.00 118.00 172.00 OK
r-patched-linux-x86_64 3.0.3 44.61 65.59 110.20 OK
r-release-linux-x86_64 3.0.3 42.61 64.92 107.53 OK
r-release-macos-arm64 3.0.3 68.00 OK
r-release-macos-x86_64 3.0.3 127.00 OK
r-release-windows-x86_64 3.0.3 53.00 106.00 159.00 OK
r-oldrel-macos-arm64 3.0.3 66.00 NOTE
r-oldrel-macos-x86_64 3.0.3 89.00 NOTE
r-oldrel-windows-x86_64 3.0.3 64.00 130.00 194.00 NOTE

Check Details

Version: 3.0.3
Check: dependencies in R code
Result: NOTE Namespaces in Imports field not imported from: ‘future’ ‘tidyr’ All declared Imports should be used. Flavors: r-devel-linux-x86_64-fedora-clang, r-devel-linux-x86_64-fedora-gcc

Version: 3.0.3
Check: installed package size
Result: NOTE installed size is 7.1Mb sub-directories of 1Mb or more: data 3.7Mb help 1.9Mb libs 1.3Mb Flavors: r-oldrel-macos-arm64, r-oldrel-macos-x86_64, r-oldrel-windows-x86_64

These binaries (installable software) and packages are in development.
They may not be fully stable and should be used with caution. We make no claims about them.