Last updated on 2025-05-23 05:52:43 CEST.
Flavor | Version | Tinstall | Tcheck | Ttotal | Status | Flags |
---|---|---|---|---|---|---|
r-devel-linux-x86_64-debian-clang | 0.1.0 | 5.46 | 43.77 | 49.23 | OK | |
r-devel-linux-x86_64-debian-gcc | 0.1.0 | 3.70 | 32.57 | 36.27 | OK | |
r-devel-linux-x86_64-fedora-clang | 0.1.0 | 78.32 | NOTE | |||
r-devel-linux-x86_64-fedora-gcc | 0.1.0 | 73.25 | NOTE | |||
r-devel-windows-x86_64 | 0.1.0 | 9.00 | 69.00 | 78.00 | OK | |
r-patched-linux-x86_64 | 0.1.0 | 5.02 | 41.13 | 46.15 | OK | |
r-release-linux-x86_64 | 0.1.0 | 4.53 | 40.80 | 45.33 | OK | |
r-release-macos-arm64 | 0.1.0 | 28.00 | OK | |||
r-release-macos-x86_64 | 0.1.0 | 41.00 | OK | |||
r-release-windows-x86_64 | 0.1.0 | 6.00 | 70.00 | 76.00 | OK | |
r-oldrel-macos-arm64 | 0.1.0 | 24.00 | NOTE | |||
r-oldrel-macos-x86_64 | 0.1.0 | 36.00 | NOTE | |||
r-oldrel-windows-x86_64 | 0.1.0 | 8.00 | 74.00 | 82.00 | NOTE |
Version: 0.1.0
Check: dependencies in R code
Result: NOTE
Namespaces in Imports field not imported from:
‘dplyr’ ‘magrittr’
All declared Imports should be used.
Flavors: r-devel-linux-x86_64-fedora-clang, r-devel-linux-x86_64-fedora-gcc
Version: 0.1.0
Check: LazyData
Result: NOTE
'LazyData' is specified without a 'data' directory
Flavors: r-oldrel-macos-arm64, r-oldrel-macos-x86_64, r-oldrel-windows-x86_64
These binaries (installable software) and packages are in development.
They may not be fully stable and should be used with caution. We make no claims about them.