Last updated on 2025-11-16 03:50:17 CET.
| Flavor | Version | Tinstall | Tcheck | Ttotal | Status | Flags |
|---|---|---|---|---|---|---|
| r-devel-linux-x86_64-debian-clang | 1.7.30 | 44.16 | 35.57 | 79.73 | NOTE | |
| r-devel-linux-x86_64-debian-gcc | 1.7.30 | 34.14 | 28.63 | 62.77 | NOTE | |
| r-devel-linux-x86_64-fedora-clang | 1.7.30 | 93.00 | 61.00 | 154.00 | NOTE | |
| r-devel-linux-x86_64-fedora-gcc | 1.7.30 | 108.00 | 49.26 | 157.26 | NOTE | |
| r-devel-windows-x86_64 | 1.7.30 | 65.00 | 80.00 | 145.00 | NOTE | |
| r-patched-linux-x86_64 | 1.7.30 | 48.12 | 32.08 | 80.20 | NOTE | |
| r-release-linux-x86_64 | 1.7.30 | 47.26 | 32.23 | 79.49 | NOTE | |
| r-release-macos-arm64 | 1.7.30 | 18.00 | 29.00 | 47.00 | NOTE | |
| r-release-macos-x86_64 | 1.7.30 | 18.00 | 46.00 | 64.00 | NOTE | |
| r-release-windows-x86_64 | 1.7.30 | 59.00 | 79.00 | 138.00 | NOTE | |
| r-oldrel-macos-arm64 | 1.7.30 | 20.00 | 26.00 | 46.00 | NOTE | |
| r-oldrel-macos-x86_64 | 1.7.30 | 18.00 | 37.00 | 55.00 | NOTE | |
| r-oldrel-windows-x86_64 | 1.7.30 | 52.00 | 99.00 | 151.00 | NOTE |
Version: 1.7.30
Check: C++ specification
Result: NOTE
Specified C++11: please drop specification unless essential
Flavors: r-devel-linux-x86_64-debian-clang, r-devel-linux-x86_64-debian-gcc, r-devel-linux-x86_64-fedora-clang, r-devel-linux-x86_64-fedora-gcc, r-devel-windows-x86_64, r-patched-linux-x86_64, r-release-linux-x86_64, r-release-macos-arm64, r-release-macos-x86_64, r-release-windows-x86_64, r-oldrel-macos-arm64, r-oldrel-macos-x86_64, r-oldrel-windows-x86_64
These binaries (installable software) and packages are in development.
They may not be fully stable and should be used with caution. We make no claims about them.