Last updated on 2025-05-01 14:49:26 CEST.
Flavor | Version | Tinstall | Tcheck | Ttotal | Status | Flags |
---|---|---|---|---|---|---|
r-devel-linux-x86_64-debian-clang | 1.1.0 | 19.67 | 294.16 | 313.83 | NOTE | |
r-devel-linux-x86_64-debian-gcc | 1.1.0 | 13.18 | 184.25 | 197.43 | OK | |
r-devel-linux-x86_64-fedora-clang | 1.1.0 | 490.27 | OK | |||
r-devel-linux-x86_64-fedora-gcc | 1.1.0 | 494.72 | OK | |||
r-devel-windows-x86_64 | 1.1.0 | 22.00 | 288.00 | 310.00 | OK | |
r-patched-linux-x86_64 | 1.1.0 | 17.53 | 283.75 | 301.28 | OK | |
r-release-linux-x86_64 | OK | |||||
r-release-macos-arm64 | 1.1.0 | 131.00 | OK | |||
r-release-macos-x86_64 | 1.1.0 | 272.00 | OK | |||
r-release-windows-x86_64 | 1.1.0 | 20.00 | 292.00 | 312.00 | OK | |
r-oldrel-macos-arm64 | 1.1.0 | 131.00 | OK | |||
r-oldrel-macos-x86_64 | 1.1.0 | 206.00 | OK | |||
r-oldrel-windows-x86_64 | 1.1.0 | 25.00 | 381.00 | 406.00 | OK |
Version: 1.1.0
Check: examples
Result: NOTE
Examples with CPU (user + system) or elapsed time > 5s
user system elapsed
GOF_far 14.787 0.185 20.576
Flavor: r-devel-linux-x86_64-debian-clang
Version: 1.1.0
Check: examples
Result: NA
user system elapsed
GOF_far 9.133 0.846 11.961
OK
Flavor: r-devel-linux-x86_64-debian-gcc
These binaries (installable software) and packages are in development.
They may not be fully stable and should be used with caution. We make no claims about them.