Last updated on 2025-05-01 14:49:26 CEST.
Flavor | Version | Tinstall | Tcheck | Ttotal | Status | Flags |
---|---|---|---|---|---|---|
r-devel-linux-x86_64-debian-clang | 1.1.24 | 6.60 | 70.28 | 76.88 | NOTE | |
r-devel-linux-x86_64-debian-gcc | 1.1.24 | 4.70 | 48.74 | 53.44 | NOTE | |
r-devel-linux-x86_64-fedora-clang | 1.1.24 | 117.30 | OK | |||
r-devel-linux-x86_64-fedora-gcc | 1.1.24 | 153.12 | OK | |||
r-devel-windows-x86_64 | 1.1.24 | 10.00 | 100.00 | 110.00 | OK | |
r-patched-linux-x86_64 | 1.1.24 | 6.37 | 66.29 | 72.66 | OK | |
r-release-linux-x86_64 | OK | |||||
r-release-macos-arm64 | 1.1.24 | 58.00 | OK | |||
r-release-macos-x86_64 | 1.1.24 | 122.00 | OK | |||
r-release-windows-x86_64 | 1.1.24 | 10.00 | 106.00 | 116.00 | OK | |
r-oldrel-macos-arm64 | 1.1.24 | 55.00 | OK | |||
r-oldrel-macos-x86_64 | 1.1.24 | 87.00 | OK | |||
r-oldrel-windows-x86_64 | 1.1.24 | 10.00 | 113.00 | 123.00 | OK |
Version: 1.1.24
Check: CRAN incoming feasibility
Result: NOTE
Maintainer: ‘Fabien Gelineau <neonira@gmail.com>’
No Authors@R field in DESCRIPTION.
Please add one, modifying
Authors@R: person(given = "Fabien",
family = "Gelineau",
role = c("aut", "cre"),
email = "neonira@gmail.com")
as necessary.
Flavors: r-devel-linux-x86_64-debian-clang, r-devel-linux-x86_64-debian-gcc
These binaries (installable software) and packages are in development.
They may not be fully stable and should be used with caution. We make no claims about them.