Last updated on 2025-05-01 14:49:26 CEST.
Flavor | Version | Tinstall | Tcheck | Ttotal | Status | Flags |
---|---|---|---|---|---|---|
r-devel-linux-x86_64-debian-clang | 1.1.19 | 8.43 | 130.26 | 138.69 | NOTE | |
r-devel-linux-x86_64-debian-gcc | 1.1.19 | 5.17 | 81.75 | 86.92 | NOTE | |
r-devel-linux-x86_64-fedora-clang | 1.1.19 | 205.20 | NOTE | |||
r-devel-linux-x86_64-fedora-gcc | 1.1.19 | 197.09 | NOTE | |||
r-devel-windows-x86_64 | 1.1.19 | 8.00 | 150.00 | 158.00 | NOTE | |
r-patched-linux-x86_64 | 1.1.19 | 8.78 | 111.86 | 120.64 | NOTE | |
r-release-linux-x86_64 | NOTE | |||||
r-release-macos-arm64 | 1.1.19 | 72.00 | NOTE | |||
r-release-macos-x86_64 | 1.1.19 | 157.00 | NOTE | |||
r-release-windows-x86_64 | 1.1.19 | 9.00 | 155.00 | 164.00 | NOTE | |
r-oldrel-macos-arm64 | 1.1.19 | 67.00 | NOTE | |||
r-oldrel-macos-x86_64 | 1.1.19 | 103.00 | NOTE | |||
r-oldrel-windows-x86_64 | 1.1.19 | 11.00 | 177.00 | 188.00 | NOTE |
Version: 1.1.19
Check: CRAN incoming feasibility
Result: NOTE
Maintainer: ‘Fabien Gelineau <neonira@gmail.com>’
No Authors@R field in DESCRIPTION.
Please add one, modifying
Authors@R: person(given = "Fabien",
family = "Gelineau",
role = c("aut", "cre"),
email = "neonira@gmail.com")
as necessary.
Flavors: r-devel-linux-x86_64-debian-clang, r-devel-linux-x86_64-debian-gcc
Version: 1.1.19
Check: Rd files
Result: NOTE
checkRd: (-1) completeManualPage.Rd:12: Lost braces
12 | See \emph{\bold{code{\link{ProcessingContext}}}}. Only
| ^
checkRd: (-1) produceAllManualPagesFromObject.Rd:14: Lost braces
14 | See \emph{\bold{\\code{\link{ProcessingContext}}}}.}
| ^
Flavors: r-devel-linux-x86_64-debian-clang, r-devel-linux-x86_64-debian-gcc, r-devel-linux-x86_64-fedora-clang, r-devel-linux-x86_64-fedora-gcc, r-devel-windows-x86_64, r-patched-linux-x86_64, r-release-linux-x86_64, r-release-macos-arm64, r-release-macos-x86_64, r-release-windows-x86_64, r-oldrel-macos-arm64, r-oldrel-macos-x86_64, r-oldrel-windows-x86_64
These binaries (installable software) and packages are in development.
They may not be fully stable and should be used with caution. We make no claims about them.