Last updated on 2025-05-01 15:49:49 CEST.
Flavor | Version | Tinstall | Tcheck | Ttotal | Status | Flags |
---|---|---|---|---|---|---|
r-devel-linux-x86_64-debian-clang | 1.1.20 | 5.26 | 45.33 | 50.59 | NOTE | |
r-devel-linux-x86_64-debian-gcc | 1.1.20 | 2.65 | 32.43 | 35.08 | NOTE | |
r-devel-linux-x86_64-fedora-clang | 1.1.20 | 78.34 | OK | |||
r-devel-linux-x86_64-fedora-gcc | 1.1.20 | 86.30 | OK | |||
r-devel-windows-x86_64 | 1.1.20 | 6.00 | 64.00 | 70.00 | OK | |
r-patched-linux-x86_64 | 1.1.20 | 4.65 | 41.08 | 45.73 | OK | |
r-release-linux-x86_64 | OK | |||||
r-release-macos-arm64 | 1.1.20 | 32.00 | OK | |||
r-release-macos-x86_64 | 1.1.20 | 73.00 | OK | |||
r-release-windows-x86_64 | 1.1.20 | 6.00 | 67.00 | 73.00 | OK | |
r-oldrel-macos-arm64 | 1.1.20 | 34.00 | OK | |||
r-oldrel-macos-x86_64 | 1.1.20 | 51.00 | OK | |||
r-oldrel-windows-x86_64 | 1.1.20 | 7.00 | 70.00 | 77.00 | OK |
Version: 1.1.20
Check: CRAN incoming feasibility
Result: NOTE
Maintainer: ‘Fabien Gelineau <neonira@gmail.com>’
No Authors@R field in DESCRIPTION.
Please add one, modifying
Authors@R: person(given = "Fabien",
family = "Gelineau",
role = c("aut", "cre"),
email = "neonira@gmail.com")
as necessary.
Flavors: r-devel-linux-x86_64-debian-clang, r-devel-linux-x86_64-debian-gcc
These binaries (installable software) and packages are in development.
They may not be fully stable and should be used with caution. We make no claims about them.