CRAN Package Check Results for Package xaringan

Last updated on 2025-10-23 15:50:18 CEST.

Flavor Version Tinstall Tcheck Ttotal Status Flags
r-devel-linux-x86_64-debian-clang 0.31 3.24 34.10 37.34 NOTE
r-devel-linux-x86_64-debian-gcc 0.31 2.23 27.10 29.33 OK
r-devel-linux-x86_64-fedora-clang 0.31 12.00 46.40 58.40 OK
r-devel-linux-x86_64-fedora-gcc 0.31 66.31 OK
r-devel-windows-x86_64 0.31 6.00 52.00 58.00 OK
r-patched-linux-x86_64 0.31 2.96 31.52 34.48 OK
r-release-linux-x86_64 0.31 2.75 31.30 34.05 OK
r-release-macos-arm64 0.31 2.00 40.00 42.00 OK
r-release-macos-x86_64 0.31 3.00 52.00 55.00 OK
r-release-windows-x86_64 0.31 5.00 53.00 58.00 OK
r-oldrel-macos-arm64 0.31 2.00 33.00 35.00 OK
r-oldrel-macos-x86_64 0.31 3.00 99.00 102.00 OK
r-oldrel-windows-x86_64 0.31 7.00 63.00 70.00 OK

Check Details

Version: 0.31
Check: HTML version of manual
Result: NOTE Found the following HTML validation problems: summon_remark.html:52:1 (summon_remark.Rd:12): Warning: missing </ul> before </div> Flavor: r-devel-linux-x86_64-debian-clang

These binaries (installable software) and packages are in development.
They may not be fully stable and should be used with caution. We make no claims about them.