Last updated on 2025-02-16 08:51:05 CET.
Flavor | Version | Tinstall | Tcheck | Ttotal | Status | Flags |
---|---|---|---|---|---|---|
r-devel-linux-x86_64-debian-clang | 0.30 | 3.06 | 31.01 | 34.07 | NOTE | |
r-devel-linux-x86_64-debian-gcc | 0.30 | 2.40 | 23.74 | 26.14 | NOTE | |
r-devel-linux-x86_64-fedora-clang | 0.30 | 57.50 | OK | |||
r-devel-linux-x86_64-fedora-gcc | 0.30 | 69.25 | OK | |||
r-devel-macos-arm64 | 0.30 | 30.00 | OK | |||
r-devel-macos-x86_64 | 0.30 | 47.00 | OK | |||
r-devel-windows-x86_64 | 0.30 | 6.00 | 53.00 | 59.00 | NOTE | |
r-patched-linux-x86_64 | 0.30 | 6.74 | 29.56 | 36.30 | OK | |
r-release-linux-x86_64 | 0.30 | 3.18 | 29.82 | 33.00 | OK | |
r-release-macos-arm64 | 0.30 | 26.00 | OK | |||
r-release-macos-x86_64 | 0.30 | 39.00 | OK | |||
r-release-windows-x86_64 | 0.30 | 6.00 | 62.00 | 68.00 | OK | |
r-oldrel-macos-arm64 | 0.30 | 34.00 | OK | |||
r-oldrel-macos-x86_64 | 0.30 | 61.00 | OK | |||
r-oldrel-windows-x86_64 | 0.30 | 6.00 | 81.00 | 87.00 | OK |
Version: 0.30
Check: Rd cross-references
Result: NOTE
Found the following Rd file(s) with Rd \link{} targets missing package
anchors:
inf_mr.Rd: httw
moon_reader.Rd: html_document
Please provide package anchors for all Rd \link{} targets not in the
package itself and the base packages.
Flavors: r-devel-linux-x86_64-debian-clang, r-devel-linux-x86_64-debian-gcc, r-devel-windows-x86_64
These binaries (installable software) and packages are in development.
They may not be fully stable and should be used with caution. We make no claims about them.