CRAN Package Check Results for Package xdvir

Last updated on 2025-05-21 23:49:00 CEST.

Flavor Version Tinstall Tcheck Ttotal Status Flags
r-devel-linux-x86_64-debian-clang 0.1-2 11.24 180.94 192.18 OK
r-devel-linux-x86_64-debian-gcc 0.1-2 8.38 136.76 145.14 OK
r-devel-linux-x86_64-fedora-clang 0.1-2 292.66 OK
r-devel-linux-x86_64-fedora-gcc 0.1-2 304.13 OK
r-devel-windows-x86_64 0.1-2 27.00 504.00 531.00 OK
r-patched-linux-x86_64 0.1-2 11.68 177.77 189.45 OK
r-release-linux-x86_64 0.1-2 9.63 177.01 186.64 OK
r-release-macos-arm64 0.1-2 87.00 OK
r-release-macos-x86_64 0.1-2 234.00 OK
r-release-windows-x86_64 0.1-2 25.00 474.00 499.00 OK
r-oldrel-macos-arm64 0.1-2 82.00 NOTE
r-oldrel-macos-x86_64 0.1-2 215.00 NOTE
r-oldrel-windows-x86_64 0.1-2 26.00 433.00 459.00 OK

Check Details

Version: 0.1-2
Check: installed package size
Result: NOTE installed size is 21.8Mb sub-directories of 1Mb or more: Fonts 1.3Mb libs 19.7Mb Flavors: r-oldrel-macos-arm64, r-oldrel-macos-x86_64

These binaries (installable software) and packages are in development.
They may not be fully stable and should be used with caution. We make no claims about them.