Last updated on 2025-10-03 03:51:04 CEST.
Flavor | Version | Tinstall | Tcheck | Ttotal | Status | Flags |
---|---|---|---|---|---|---|
r-devel-linux-x86_64-debian-clang | 0.1-3 | 11.39 | 219.70 | 231.09 | OK | |
r-devel-linux-x86_64-debian-gcc | 0.1-3 | 8.43 | 155.88 | 164.31 | OK | |
r-devel-linux-x86_64-fedora-clang | 0.1-3 | 236.05 | OK | |||
r-devel-linux-x86_64-fedora-gcc | 0.1-3 | 303.18 | OK | |||
r-devel-windows-x86_64 | 0.1-3 | 26.00 | 443.00 | 469.00 | OK | |
r-patched-linux-x86_64 | 0.1-3 | 12.65 | 214.19 | 226.84 | OK | |
r-release-linux-x86_64 | 0.1-3 | 10.78 | 213.94 | 224.72 | OK | |
r-release-macos-arm64 | 0.1-3 | 109.00 | OK | |||
r-release-macos-x86_64 | 0.1-3 | 240.00 | OK | |||
r-release-windows-x86_64 | 0.1-3 | 26.00 | 451.00 | 477.00 | OK | |
r-oldrel-macos-arm64 | 0.1-3 | 86.00 | NOTE | |||
r-oldrel-macos-x86_64 | 0.1-3 | 245.00 | NOTE | |||
r-oldrel-windows-x86_64 | 0.1-3 | 31.00 | 402.00 | 433.00 | OK |
Version: 0.1-3
Check: installed package size
Result: NOTE
installed size is 21.7Mb
sub-directories of 1Mb or more:
Fonts 1.3Mb
libs 19.7Mb
Flavors: r-oldrel-macos-arm64, r-oldrel-macos-x86_64
These binaries (installable software) and packages are in development.
They may not be fully stable and should be used with caution. We make no claims about them.