Last updated on 2025-05-01 15:49:49 CEST.
Flavor | Version | Tinstall | Tcheck | Ttotal | Status | Flags |
---|---|---|---|---|---|---|
r-devel-linux-x86_64-debian-clang | 1.0.0.7 | 2.98 | 35.92 | 38.90 | NOTE | |
r-devel-linux-x86_64-debian-gcc | 1.0.0.7 | 2.01 | 28.10 | 30.11 | OK | |
r-devel-linux-x86_64-fedora-clang | 1.0.0.7 | 62.59 | OK | |||
r-devel-linux-x86_64-fedora-gcc | 1.0.0.7 | 56.65 | OK | |||
r-devel-windows-x86_64 | 1.0.0.7 | 5.00 | 70.00 | 75.00 | OK | |
r-patched-linux-x86_64 | 1.0.0.7 | 3.68 | 34.91 | 38.59 | OK | |
r-release-linux-x86_64 | OK | |||||
r-release-macos-arm64 | 1.0.0.7 | 26.00 | OK | |||
r-release-macos-x86_64 | 1.0.0.7 | 36.00 | OK | |||
r-release-windows-x86_64 | 1.0.0.7 | 6.00 | 76.00 | 82.00 | OK | |
r-oldrel-macos-arm64 | 1.0.0.7 | 29.00 | OK | |||
r-oldrel-macos-x86_64 | 1.0.0.7 | 51.00 | OK | |||
r-oldrel-windows-x86_64 | 1.0.0.7 | 5.00 | 72.00 | 77.00 | OK |
Version: 1.0.0.7
Check: examples
Result: NOTE
Examples with CPU (user + system) or elapsed time > 5s
user system elapsed
futureLapplyHet 2.326 0.066 5.885
Flavor: r-devel-linux-x86_64-debian-clang
Version: 1.0.0.7
Check: examples
Result: NA
user system elapsed
futureLapplyHet 2.062 0.195 5.089
OK
Flavor: r-devel-linux-x86_64-debian-gcc
These binaries (installable software) and packages are in development.
They may not be fully stable and should be used with caution. We make no claims about them.