Last updated on 2025-10-23 11:50:34 CEST.
Flavor | Version | Tinstall | Tcheck | Ttotal | Status | Flags |
---|---|---|---|---|---|---|
r-devel-linux-x86_64-debian-clang | 0.2.3 | 9.78 | 77.16 | 86.94 | NOTE | |
r-devel-linux-x86_64-debian-gcc | 0.2.3 | 7.98 | 53.65 | 61.63 | OK | |
r-devel-linux-x86_64-fedora-clang | 0.2.3 | 56.00 | 85.21 | 141.21 | OK | |
r-devel-linux-x86_64-fedora-gcc | 0.2.3 | 24.00 | 115.83 | 139.83 | OK | |
r-devel-windows-x86_64 | 0.2.3 | 11.00 | 81.00 | 92.00 | OK | |
r-patched-linux-x86_64 | 0.2.3 | 8.44 | 72.72 | 81.16 | OK | |
r-release-linux-x86_64 | 0.2.3 | 9.67 | 71.23 | 80.90 | OK | |
r-release-macos-arm64 | 0.2.3 | 4.00 | 32.00 | 36.00 | OK | |
r-release-macos-x86_64 | 0.2.3 | 8.00 | 92.00 | 100.00 | OK | |
r-release-windows-x86_64 | 0.2.3 | 13.00 | 88.00 | 101.00 | OK | |
r-oldrel-macos-arm64 | 0.2.3 | 5.00 | 35.00 | 40.00 | NOTE | |
r-oldrel-macos-x86_64 | 0.2.3 | 5.00 | 51.00 | 56.00 | NOTE | |
r-oldrel-windows-x86_64 | 0.2.3 | 15.00 | 103.00 | 118.00 | NOTE |
Version: 0.2.3
Check: HTML version of manual
Result: NOTE
Found the following HTML validation problems:
write_xes.html:54:1 (write_xes.Rd:14): Warning: missing </ul> before </div>
Flavor: r-devel-linux-x86_64-debian-clang
Version: 0.2.3
Check: LazyData
Result: NOTE
'LazyData' is specified without a 'data' directory
Flavors: r-oldrel-macos-arm64, r-oldrel-macos-x86_64, r-oldrel-windows-x86_64
These binaries (installable software) and packages are in development.
They may not be fully stable and should be used with caution. We make no claims about them.