CRAN Package Check Results for Package xgb2sql

Last updated on 2025-02-19 17:51:09 CET.

Flavor Version Tinstall Tcheck Ttotal Status Flags
r-devel-linux-x86_64-debian-clang 0.1.2 2.32 33.99 36.31 NOTE
r-devel-linux-x86_64-debian-gcc 0.1.2 1.73 26.27 28.00 NOTE
r-devel-linux-x86_64-fedora-clang 0.1.2 57.99 NOTE
r-devel-linux-x86_64-fedora-gcc 0.1.2 69.86 NOTE
r-devel-macos-arm64 0.1.2 29.00 OK
r-devel-macos-x86_64 0.1.2 52.00 OK
r-devel-windows-x86_64 0.1.2 3.00 54.00 57.00 OK
r-patched-linux-x86_64 0.1.2 2.05 31.90 33.95 NOTE
r-release-linux-x86_64 0.1.2 2.06 32.11 34.17 NOTE
r-release-macos-arm64 0.1.2 27.00 NOTE
r-release-macos-x86_64 0.1.2 41.00 NOTE
r-release-windows-x86_64 0.1.2 4.00 54.00 58.00 NOTE
r-oldrel-macos-arm64 0.1.2 30.00 NOTE
r-oldrel-macos-x86_64 0.1.2 45.00 NOTE
r-oldrel-windows-x86_64 0.1.2 3.00 57.00 60.00 NOTE

Check Details

Version: 0.1.2
Check: for non-standard things in the check directory
Result: NOTE Found the following files/directories: ‘xgb.txt’ Flavors: r-devel-linux-x86_64-debian-clang, r-devel-linux-x86_64-debian-gcc, r-devel-linux-x86_64-fedora-clang, r-devel-linux-x86_64-fedora-gcc, r-patched-linux-x86_64, r-release-linux-x86_64

Version: 0.1.2
Check: LazyData
Result: NOTE 'LazyData' is specified without a 'data' directory Flavors: r-patched-linux-x86_64, r-release-linux-x86_64, r-release-macos-arm64, r-release-macos-x86_64, r-release-windows-x86_64, r-oldrel-macos-arm64, r-oldrel-macos-x86_64, r-oldrel-windows-x86_64

These binaries (installable software) and packages are in development.
They may not be fully stable and should be used with caution. We make no claims about them.